{"text_format":"1","workbook":"xlsx","n_sheets":7,"sheets":["Tdata","%data","PTool","TTOOL","Lists","Repgen","Repgen2"],"not_rendered":{"charts":0,"images":0,"macros":1,"external_links":0,"defined_names":20,"comments":0,"pivot_tables":0},"unopened":[],"bounds":{"document_bytes":16777216,"sheet_cells":100000,"rows_first":2000,"rows_last":500,"rows_between":2000,"halvings":0,"cell_chars":16384,"cell_head_chars":4096},"cells_cut":0,"cells_raw":0,"read":"whole","date_system":"1900"}

{"sheet":"Tdata","index":0,"n_rows":306,"n_cols":17,"rows_kept":306,"cut":false,"hidden":false,"merged":[[0,0,0,16]]}
[]
[]
[]
[]
[]
["Rertofit level","Rerofit category","Building type","Age","SPECS","Number of dwellings","Total Energy Demand before retrofit (TWh/a) ","Total Electric Energy  demand after retrofit Twh/a","Total Energy Demand  after retrofit (TWh/a) ","Total Energy Demand  Reducton (TWh/a) ","Total CO2 emissions Before retrofit (MTCO2)","Total CO2 Emissions per annum (MTCo2/a)","Total CO2 emissions reducton (MTCO2)","Total Upgrade capital Cost (Bil £)","Total Original running cost (Bil £/a)","Total Running Cost after retrofit (Bil £/a)","Total running cost savings (Bil £/a)"]
["A1","Renewables","detached","Pre-1919","No Fabric+ ASHP + Solar Thermal ",102303.28000000001,7.0922017406110003,null,2.2798925343500001,4.8123092062610002,1.9198415113122003,0.96212398467000015,0.95771752664220011,0.43223135800000001,0.31589938266851997,0.23310569622600005,8.2793686442519998E-2]
["A1","Renewables","detached","1919-1982","No Fabric+ ASHP + Solar Thermal ",204606.56,5.1371924537660005,null,1.971895722,3.1652967317660003,1.2870353962679839,0.83244178936000002,0.45459360690798395,0.87367001119999987,0.22835647105856,0.2074894664304,2.0867004628159984E-2]
["A1","Renewables","detached","Post-1982","No Fabric+ ASHP + Solar Thermal ",230182.37999999998,5.1144525932212082,null,1.8770038031195999,3.2374487901016078,1.3154692259164051,0.79178135072400002,0.52368787519240512,0.9863314983,0.24273467403704102,0.19912962602609999,4.3605048010941019E-2]
["A1","Renewables","detached","ALL","No Fabric+ ASHP + Solar Thermal ",537092.22,17.343846787598206,null,6.1287920594695997,11.215054728128608,4.5223461334965895,2.5863471247540004,1.9359990087425891,2.2922328675000001,0.78699052776412104,0.63972478868250016,0.14726573908162099]
["A1","Renewables","semi-detached","Pre-1919","No Fabric+ ASHP + Solar Thermal ",51151.64,2.9476999058781601,null,0.969468081383,1.97823182449516,0.68923503649445006,0.40905582870700002,0.28017920778745004,0.21611567900000003,0.10743190966923,9.9491218591000005E-2,7.9406910782299986E-3]
["A1","Renewables","semi-detached","1919-1982","No Fabric+ ASHP + Solar Thermal ",358061.48000000004,9.3115083441281712,null,2.4401854055852001,6.8713229385429715,3.2917258208814277,1.0299817502940001,2.2617440705874277,1.5289225196000003,0.54292171153743596,0.26197926245679998,0.28094244908063609]
["A1","Renewables","semi-detached","Post-1982","No Fabric+ ASHP + Solar Thermal ",102303.27999999998,1.5066337039863997,null,0.52634219133759996,0.98029151264879999,0.37791453124425989,0.22203034313319994,0.15588418811105997,0.43836955479999995,7.4944646315259988E-2,5.7726160289199996E-2,1.721848602606E-2]
["A1","Renewables","semi-detached","ALL","No Fabric+ ASHP + Solar Thermal ",511516.4,13.765841953992732,null,3.9359956783058001,9.8298462756869327,4.3588753886201381,1.6610679221342002,2.6978074664859375,2.1834077534,0.72529826752192594,0.41919664133700002,0.30610162618492609]
["A1","Renewables","mid-terrace","Pre-1919","No Fabric+ ASHP + Solar Thermal ",76727.459999999992,3.4056996570148494,null,1.136836247463,2.2688634095518494,0.80169338764410003,0.47962910701950001,0.32206428062460002,0.5630596697437501,0.129523337498025,0.11749084131149999,1.2032496186525004E-2]
["A1","Renewables","mid-terrace","1919-1982","No Fabric+ ASHP + Solar Thermal ",383637.30000000005,6.15312547007355,null,2.3569908437399998,3.7961346263335498,1.4913181484837099,0.99446460906000012,0.49685353942370991,1.638131271,0.28345763148624004,0.25484642201700003,2.8611209469239986E-2]
["A1","Renewables","mid-terrace","Post-1982","No Fabric+ ASHP + Solar Thermal ",102303.28,1.404178227396744,null,0.52362808531920002,0.88055014207754412,0.36331308588453604,0.22104772012880003,0.14226536575573598,0.43836955480000001,7.3545362512075996E-2,5.74980239748E-2,1.6047338537276003E-2]
["A1","Renewables","mid-terrace","ALL","No Fabric+ ASHP + Solar Thermal ",562668.04,10.963003354485142,null,4.0174551765222004,6.9455481779629427,2.6563246220123462,1.6951414362083002,0.96118318580404583,2.6395604955437504,0.486526331496341,0.42983528730330001,5.6691044193040996E-2]
["A1","Renewables","flat(m)","Pre-1919","No Fabric+ ASHP + Solar Thermal ",281334.02,4.4509060535593505,null,1.5272217275700002,2.9236843259893504,1.10198774767917,0.64427600585150002,0.45771174182766999,1.2659890232990001,0.21359575100099498,0.16673260695300002,4.6863144047995006E-2]
["A1","Renewables","flat(m)","1919-1982","No Fabric+ ASHP + Solar Thermal ",481081.17420000007,4.9046216962759566,null,1.7126682233989683,3.1919534728769889,1.2683276558191441,0.72316603186918205,0.54516162394996204,2.0542166138340003,0.26616938485354802,0.19543441620700799,7.0734968646540011E-2]
["A1","Renewables","flat(m)","Post-1982","No Fabric+ ASHP + Solar Thermal ",179030.73999999996,1.4654232969838208,null,0.63447867648409983,0.83094462049972084,0.45304881714965595,0.26774405228479997,0.185304764864856,0.76714672089999991,0.10569654424575399,7.2400031255999989E-2,3.3296512989753994E-2]
["A1","Renewables","flat(m)","ALL","No Fabric+ ASHP + Solar Thermal ",941445.93420000002,10.820951046819131,null,3.8743686274530682,6.9465824193660595,2.8233642206479699,1.635186090005482,1.1881781306424881,4.0873523580329998,0.58546168010029698,0.43456705441600801,0.15089462568428902]
["A1","Renewables","ALL","ALL","No Fabric+ ASHP + Solar Thermal ",2552722.5942000002,52.893643142895208,null,17.956611541750668,34.937031601144547,14.360910364777045,7.5777425731019825,6.7831677916750612,11.202553474476751,2.5842768068826847,1.9233237717388081,0.66095303514387715]
["A2","Renewables","detached","Pre-1919","No Fabric + ASHP + Solar PV ",102303.28000000001,7.0922017406110003,null,2.2984094280300003,4.7937923125810009,1.9198415113122005,0.96029275595800023,0.95954875535420014,0.841444478,0.31589938266851997,0.234995749324,8.0903633344519998E-2]
["A2","Renewables","detached","1919-1982","No Fabric + ASHP + Solar PV ",204606.56,5.1371924537660005,null,2.0100036937999994,3.1271887599659998,1.2870353962679841,0.82855426472000004,0.45848113154798398,1.6920962511999997,0.22835647105856,0.2112133058224,1.7143165236160003E-2]
["A2","Renewables","detached","Post-1982","No Fabric + ASHP + Solar PV ",230182.37999999998,5.1144525932212082,null,1.9182985220915998,3.1961540711296084,1.3154692259164049,0.78754714584389995,0.52792208007250507,1.9070610182999999,0.24273467403704102,0.2033649818181,3.9369692218940995E-2]
["A2","Renewables","detached","ALL","No Fabric + ASHP + Solar PV ",537092.22,17.343846787598206,null,6.2267116439215995,11.117135143676609,4.5223461334965895,2.5763941665219003,1.9459519669746892,4.4406017474999997,0.78699052776412104,0.6495740369645,0.13741649079962101]
["A2","Renewables","semi-detached","Pre-1919","No Fabric + ASHP + Solar PV ",51151.64,2.9476999058781601,null,0.97863957043500016,1.9690603354431602,0.68923503649444995,0.40814021435099995,0.28109482214345005,0.42072223900000005,0.10743190966923,0.10043240876700001,6.9995009022300056E-3]
["A2","Renewables","semi-detached","1919-1982","No Fabric + ASHP + Solar PV ",358061.48000000004,9.3115083441281712,null,2.5017683995304001,6.8097399445977711,3.2917258208814282,1.0212772757152,2.2704485451662282,2.9611684396000002,0.54292171153743596,0.26803408208360002,0.27488762945383605]
["A2","Renewables","semi-detached","Post-1982","No Fabric + ASHP + Solar PV ",102303.27999999998,1.5066337039863997,null,0.54344729975360007,0.9631864042328,0.37791453124426,0.21944258166560002,0.15847194957865995,0.84758267479999994,7.4944646315259988E-2,5.9434625065199989E-2,1.5510021250060011E-2]
["A2","Renewables","semi-detached","ALL","No Fabric + ASHP + Solar PV ",511516.4,13.765841953992732,null,4.0238552697190002,9.7419866842737317,4.3588753886201381,1.6488600717318,2.7100153168883381,4.2294733534000004,0.72529826752192594,0.42790111591579999,0.29739715160612606]
["A2","Renewables","mid-terrace","Pre-1919","No Fabric + ASHP + Solar PV ",76727.459999999992,3.4056996570148494,null,1.1507641996395002,2.2549354573753497,0.80169338764410003,0.47821732175550002,0.32347606588860001,0.86996950974374998,0.129523337498025,0.11890262657549999,1.0620710922524996E-2]
["A2","Renewables","mid-terrace","1919-1982","No Fabric + ASHP + Solar PV ",383637.30000000005,6.15312547007355,null,2.4189482676900003,3.7341772023835498,1.4913181484837099,0.98441331180000002,0.50690483668370989,3.1726804710000001,0.28345763148624004,0.26114191011000004,2.2315721376240012E-2]
["A2","Renewables","mid-terrace","Post-1982","No Fabric + ASHP + Solar PV ",102303.28,1.404178227396744,null,0.54088204500759995,0.86329618238914385,0.36331308588453604,0.21850036845680001,0.14481271742773599,0.84758267480000005,7.3545362512075996E-2,5.9216719078800002E-2,1.4328643433275999E-2]
["A2","Renewables","mid-terrace","ALL","No Fabric + ASHP + Solar PV ",562668.04,10.963003354485142,null,4.1105945123371006,6.8524088421480434,2.6563246220123462,1.6811310020123,0.97519362000004595,4.8902326555437501,0.486526331496341,0.43926125576430003,4.7265075732041008E-2]
["A2","Renewables","flat(m)","Pre-1919","No Fabric + ASHP + Solar PV ",281334.02,4.4509060535593505,null,1.5685778285100003,2.8823282250493505,1.10198774767917,0.63479504937750009,0.46719269830166998,2.3913251032990002,0.21359575100099498,0.17088931709849997,4.2706433902495011E-2]
["A2","Renewables","flat(m)","1919-1982","No Fabric + ASHP + Solar PV ",481081.17420000007,4.9046216962759566,null,1.7779894252318442,3.1266322710441128,1.2683276558191441,0.70411040655912005,0.56421724926002415,3.9785413106340006,0.26616938485354802,0.20183279582386804,6.4336589029680008E-2]
["A2","Renewables","flat(m)","Post-1982","No Fabric + ASHP + Solar PV ",179030.73999999996,1.4654232969838208,null,0.66117215981809996,0.80425113716572072,0.45304881714965595,0.26183603786479998,0.191212779284856,1.4832696808999997,0.10569654424575399,7.5066694128299999E-2,3.0629850117453991E-2]
["A2","Renewables","flat(m)","ALL","No Fabric + ASHP + Solar PV ",941445.93420000002,10.820951046819131,null,4.0077394135599445,6.8132116332591837,2.8233642206479703,1.6007414938014202,1.2226227268465502,7.8531360948330002,0.58546168010029698,0.44778880705066804,0.13767287304962902]
["A2","Renewables","ALL","ALL","No Fabric + ASHP + Solar PV ",2552722.5942000002,52.893643142895208,null,18.368900839537641,34.524742303357563,14.360910364777045,7.5071267340674206,6.853783630709624,21.41344385127675,2.5842768068826847,1.9645252156952682,0.61975159118741707]
["A3","Renewables","detached","Pre-1919","No Fabric + ASHP + Solar Thermal + Solar PV",102303.28000000001,7.0922017406110003,null,2.2132317171020004,4.8789700235090008,1.9198415113122,0.92400578254199994,0.9958357287702001,0.99489939800000005,0.31589938266851997,0.22639460105799999,8.9504781610520001E-2]
["A3","Renewables","detached","1919-1982","No Fabric + ASHP + Solar Thermal + Solar PV",204606.56,5.1371924537660005,null,1.8386456998,3.2985467539659994,1.2870353962679841,0.75620538510400004,0.53083001116398398,1.9990060912000003,0.22835647105856,0.1940672760944,3.4289194964159997E-2]
["A3","Renewables","detached","Post-1982","No Fabric + ASHP + Solar Thermal + Solar PV",230182.37999999998,5.1144525932212082,null,1.7245309946076,3.3899215986136086,1.3154692259164049,0.70601539593599993,0.60945382998040509,2.2523345883000001,0.24273467403704102,0.18402966189810002,5.8705012138941005E-2]
["A3","Renewables","detached","ALL","No Fabric + ASHP + Solar Thermal + Solar PV",537092.22,17.343846787598206,null,5.7764084115096006,11.567438376088608,4.5223461334965886,2.3862265635819999,2.1361195699145892,5.2462400775000004,0.78699052776412104,0.60449153905050002,0.18249898871362102]
["A3","Renewables","semi-detached","Pre-1919","No Fabric + ASHP + Solar Thermal + Solar PV",51151.64,2.9476999058781601,null,0.93549188330400013,2.0122080225741601,0.68923503649444995,0.38999544885199999,0.29923958764245001,0.49744969900000002,0.10743190966923,9.6135671007000004E-2,1.1296238662230004E-2]
["A3","Renewables","semi-detached","1919-1982","No Fabric + ASHP + Solar Thermal + Solar PV",358061.48000000004,9.3115083441281712,null,2.248603643945204,7.062904700182969,3.2917258208814282,0.91747629104149186,2.3742495298399362,3.4222728523143999,0.54292171153743596,0.24278577068902801,0.300135940848408]
["A3","Renewables","semi-detached","Post-1982","No Fabric + ASHP + Solar Thermal + Solar PV",102303.27999999998,1.5066337039863997,null,0.45886703998079997,1.0477666640056,0.37791453124425994,0.18391214100519995,0.19400239023905999,1.0010375947999999,7.4944646315259988E-2,5.1015065121199993E-2,2.3929581194060009E-2]
["A3","Renewables","semi-detached","ALL","No Fabric + ASHP + Solar Thermal + Solar PV",511516.4,13.765841953992732,null,3.6429625672300037,10.12287938676273,4.3588753886201381,1.4913838808986917,2.867491507721446,4.9207601461144002,0.72529826752192594,0.38993650681722797,0.33536176070469803]
["A3","Renewables","mid-terrace","Pre-1919","No Fabric + ASHP + Solar Thermal + Solar PV",76727.459999999992,3.4056996570148494,null,1.086380269767,2.3193193872478504,0.80169338764410003,0.45104045542350002,0.35065293222060001,0.98506069974374999,0.129523337498025,0.1124575199355,1.7065817562524996E-2]
["A3","Renewables","mid-terrace","1919-1982","No Fabric + ASHP + Solar Thermal + Solar PV",383637.30000000005,6.15312547007355,null,2.1059002308900001,4.0472252391835495,1.4913181484837099,0.85152135107999993,0.63979679740370998,3.7481364210000003,0.28345763148624004,0.229679815137,5.3777816349239997E-2]
["A3","Renewables","mid-terrace","Post-1982","No Fabric + ASHP + Solar Thermal + Solar PV",102303.28,1.404178227396744,null,0.45711611934360002,0.94706210805314395,0.36331308588453598,0.18292951800079998,0.180383567883736,1.0010375947999999,7.3545362512075996E-2,5.0786928806800004E-2,2.2758433705275999E-2]
["A3","Renewables","mid-terrace","ALL","No Fabric + ASHP + Solar Thermal + Solar PV",562668.04,10.963003354485142,null,3.6493966200006001,7.3136067344845443,2.6563246220123458,1.4854913245042998,1.170833297508046,5.7342347155437512,0.486526331496341,0.39292426387930002,9.3602067617040985E-2]
["A3","Renewables","flat(m)","Pre-1919","No Fabric + ASHP + Solar Thermal + Solar PV",281334.02,4.4509060535593505,null,1.3421039424100001,3.10880211114935,1.10198774767917,0.53945094999950005,0.56253679767967002,2.8133261332989998,0.21359575100099498,0.148277095241,6.5318655759995001E-2]
["A3","Renewables","flat(m)","1919-1982","No Fabric + ASHP + Solar Thermal + Solar PV",481081.17420000007,4.9046216962759566,null,1.3991861086667643,3.5054355876091932,1.2683276558191443,0.5439151863622621,0.7244124694568822,4.7001630719340008,0.26616938485354802,0.16387549117948802,0.10229389367406]
["A3","Renewables","flat(m)","Post-1982","No Fabric + ASHP + Solar Thermal + Solar PV",179030.73999999996,1.4654232969838208,null,0.51753579711609998,0.94788749986772081,0.45304881714965595,0.20103719856079996,0.25201161858885601,1.7518157908999996,0.10569654424575399,6.0655614711999997E-2,4.5040929533753993E-2]
["A3","Renewables","flat(m)","ALL","No Fabric + ASHP + Solar Thermal + Solar PV",941445.93420000002,10.820951046819131,null,3.2588258481928642,7.5621251986262639,2.8233642206479703,1.2844033349225621,1.5389608857254082,9.2653049961329987,0.58546168010029698,0.37280820113248803,0.21265347896780898]
["A3","Renewables","ALL","ALL","No Fabric + ASHP + Solar Thermal + Solar PV",2552722.5942000002,52.893643142895208,null,16.327593446933069,36.566049695962143,14.360910364777045,6.6475051039075543,7.7134052608694903,25.166539935291144,2.5842768068826847,1.7601605108795157,0.82411629600316894]
["B","GOV","detached","Pre-1919","Basic  Fabric + ASHP",102303.28000000001,7.0922017406110003,null,1.8211364934280001,5.2710652471830004,1.9198415113122,0.76846387563000007,1.1513776356822001,1.1507072934400002,0.31589938266851997,0.18721755998200001,0.12868182268652001]
["B","GOV","detached","1919-1982","Basic  Fabric + ASHP",204606.56,5.1371924537660005,null,2.9727491708959999,2.1644432828699998,1.2870353962679839,0.86465340931391999,0.42238198695406398,1.8160483170332637,0.22835647105856,0.185210512852992,4.3145958205567998E-2]
["B","GOV","detached","Post-1982","Basic  Fabric + ASHP",230182.37999999998,5.1144525932212082,null,2.0509181003285994,3.0635344928926083,1.3154692259164049,0.86497014026879993,0.45049908564760499,0.71540683703999997,0.24273467403704102,0.21648307565429997,2.6251598382741045E-2]
["B","GOV","detached","ALL","Basic  Fabric + ASHP",537092.22,17.343846787598206,null,6.8448037646525988,10.499043022945608,4.5223461334965886,2.4980874252127201,2.024258708283869,3.6821624475132637,0.78699052776412104,0.58891114848929205,0.19807937927482902]
["B","GOV","semi-detached","Pre-1919","Basic  Fabric + ASHP",51151.64,2.9476999058781601,null,0.77061352330100008,2.1770863825771603,0.68923503649445006,0.32521956953800002,0.36401546695645004,0.53576227736000004,0.10743190966923,7.9625200406000005E-2,2.7806709263230003E-2]
["B","GOV","semi-detached","1919-1982","Basic  Fabric + ASHP",358061.48000000004,9.3115083441281712,null,2.8003612028184524,6.5111471413097206,3.2917258208814282,1.0746250704572882,2.21710075042414,2.6383042240532601,0.54292171153743596,0.26407492468694399,0.27884678685049208]
["B","GOV","semi-detached","Post-1982","Basic  Fabric + ASHP",102303.27999999998,1.5066337039863997,null,0.60448552873279993,0.90214817525360003,0.37791453124425994,0.25519041679599996,0.12272411444825999,0.30772826623999999,7.4944646315259988E-2,6.5584075226000002E-2,9.3605710892600037E-3]
["B","GOV","semi-detached","ALL","Basic  Fabric + ASHP",511516.4,13.765841953992732,null,4.1754602548522524,9.5903816991404813,4.3588753886201381,1.6550350567912882,2.7038403318288502,3.4817947676532603,0.72529826752192594,0.40928420031894402,0.31601406720298209]
["B","GOV","mid-terrace","Pre-1919","Basic  Fabric + ASHP",76727.459999999992,3.4056996570148494,null,0.89033777309400008,2.5153618839208503,0.80169338764409992,0.37584562643699998,0.4258477612071,0.71786211576000014,0.129523337498025,9.2901608568000005E-2,3.6621728930024994E-2]
["B","GOV","mid-terrace","1919-1982","Basic  Fabric + ASHP",383637.30000000005,6.15312547007355,null,2.4544922635349997,3.6986332065385494,1.4913181484837099,1.0363654749659998,0.45495267351771007,2.6733189794549999,0.28345763148624004,0.26474810073000005,1.8709530756239989E-2]
["B","GOV","mid-terrace","Post-1982","Basic  Fabric + ASHP",102303.28,1.404178227396744,null,0.60825898521559996,0.79591924218114407,0.36331308588453598,0.25661857058479998,0.106694515299736,0.30690983999999999,7.3545362512075996E-2,6.5927814246800012E-2,7.6175482652759939E-3]
["B","GOV","mid-terrace","ALL","Basic  Fabric + ASHP",562668.04,10.963003354485142,null,3.9530890218445998,7.0099143326405438,2.6563246220123462,1.6688296719878,0.98749495002454613,3.6980909352150002,0.486526331496341,0.42357752354480005,6.294880795154098E-2]
["B","GOV","flat(m)","Pre-1919","Basic  Fabric + ASHP",281334.02,4.4509060535593505,null,1.6837841097000001,2.7671219438593506,1.10198774767917,0.71023476684050002,0.39175298083867005,1.5599971409000002,0.21359575100099498,0.18238181181549998,3.1213939185495011E-2]
["B","GOV","flat(m)","1919-1982","Basic  Fabric + ASHP",481081.17420000007,4.9046216962759566,null,2.0172022282910524,2.8874194679849046,1.2683276558191441,0.85089789443102404,0.4174297613881201,2.5742172550267806,0.26616938485354802,0.22569923287593002,4.047015197761801E-2]
["B","GOV","flat(m)","Post-1982","Basic  Fabric + ASHP",179030.73999999996,1.4654232969838208,null,0.77811503918609992,0.68730825779772087,0.453048817149656,0.32854289158880001,0.12450592556085598,0.52415724903499994,0.10569654424575399,8.681111067229999E-2,1.8885433573454E-2]
["B","GOV","flat(m)","ALL","Basic  Fabric + ASHP",941445.93420000002,10.820951046819131,null,4.4791013771771517,6.3418496696419764,2.8233642206479703,1.8896755528603242,0.93368866778764614,4.6583716449617807,0.58546168010029698,0.49489215536372994,9.0569524736567014E-2]
["B","GOV","ALL","ALL","Basic  Fabric + ASHP",2552722.5942000002,52.893643142895208,null,19.452454418526603,33.441188724368615,14.360910364777043,7.7116277068521315,6.6492826579249114,15.520419795343305,2.5842768068826847,1.9166650277167661,0.66761177916591907]
["C1","AECB Silver","detached","Pre-1919","AECB Silver + Gas Boiler",102303.28000000001,7.0922017406110003,null,3.1923124704320003,3.899889270179,1.9198415113122003,0.74830757188800012,1.1715339394242001,2.2950666683560006,0.31589938266851997,0.131981461528,0.18391792114052]
["C1","AECB Silver","detached","1919-1982","AECB Silver + Gas Boiler",204606.56,5.1371924537660005,null,3.603806953576,1.5333855001900001,1.2870353962679841,0.87743665428435202,0.409598741983632,3.1882960436592001,0.22835647105856,0.16819223946105599,6.0164231597503996E-2]
["C1","AECB Silver","detached","Post-1982","AECB Silver + Gas Boiler",230182.37999999998,5.1144525932212082,null,3.2902361470152002,1.8242164462060084,1.3154692259164049,0.85962530540519999,0.45584392051120498,2.8290116558258998,0.24273467403704102,0.17695730827260001,6.5777365764441015E-2]
["C1","AECB Silver","detached","ALL","AECB Silver + Gas Boiler",537092.22,17.343846787598206,null,10.0863555710232,7.2574912165750085,4.5223461334965886,2.4853695315775521,2.036976601919037,8.3123743678411,0.78699052776412104,0.47713100926165597,0.30985951850246501]
["C1","AECB Silver","semi-detached","Pre-1919","AECB Silver + Gas Boiler",51151.64,2.9476999058781601,null,1.4099079988119998,1.5377919070661599,0.68923503649444995,0.33159050630000003,0.35764453019444997,0.93368623041199994,0.10743190966923,5.9223368791999999E-2,4.8208540877230012E-2]
["C1","AECB Silver","semi-detached","1919-1982","AECB Silver + Gas Boiler",358061.48000000004,9.3115083441281712,null,4.8458647844042808,4.4656435597238913,3.2917258208814282,1.1958539099347401,2.0958719109466881,1.1069902118283401,0.54292171153743596,0.23471986295366004,0.30820184858377597]
["C1","AECB Silver","semi-detached","Post-1982","AECB Silver + Gas Boiler",102303.27999999998,1.5066337039863997,null,1.0546649741760001,0.45196872981039993,0.37791453124426,0.26727765163127998,0.11063687961297999,0.90837537590719986,7.4944646315259988E-2,5.6719956378760004E-2,1.8224689936499998E-2]
["C1","AECB Silver","semi-detached","ALL","AECB Silver + Gas Boiler",511516.4,13.765841953992732,null,7.3104377573922807,6.4554041966004512,4.3588753886201372,1.7947220678660198,2.5641533207541176,2.9490518181475402,0.72529826752192594,0.35066318812442004,0.37463507939750601]
["C1","AECB Silver","mid-terrace","Pre-1919","AECB Silver + Gas Boiler",76727.459999999992,3.4056996570148494,null,1.71340090926,1.6922987477548499,0.80169338764410014,0.40558902630600008,0.39610436133810001,1.0747100231010001,0.129523337498025,7.4218472058000001E-2,5.5304865440025004E-2]
["C1","AECB Silver","mid-terrace","1919-1982","AECB Silver + Gas Boiler",383637.30000000005,6.15312547007355,null,4.7195252464649995,1.4336002236085501,1.4913181484837099,1.142544770487,0.34877337799670999,3.805559252064,0.28345763148624004,0.22916190478199996,5.4295726704240009E-2]
["C1","AECB Silver","mid-terrace","Post-1982","AECB Silver + Gas Boiler",102303.28,1.404178227396744,null,0.96708671678279989,0.43709151061394391,0.36331308588453604,0.25106299096440005,0.11225009492013598,0.87661327656559995,7.3545362512075996E-2,5.4776756726799984E-2,1.8768605785276005E-2]
["C1","AECB Silver","mid-terrace","ALL","AECB Silver + Gas Boiler",562668.04,10.963003354485142,null,7.4000128725077996,3.5629904819773439,2.6563246220123462,1.7991967877574002,0.8571278342549461,5.7568825517305999,0.486526331496341,0.35815713356679996,0.12836919792954102]
["C1","AECB Silver","flat(m)","Pre-1919","AECB Silver + Gas Boiler",281334.02,4.4509060535593505,null,2.6507291364400003,1.8001769171193502,1.10198774767917,0.65154145691800003,0.45044629076116999,2.9609702269950002,0.21359575100099498,0.13816313722199999,7.5432613778995003E-2]
["C1","AECB Silver","flat(m)","1919-1982","AECB Silver + Gas Boiler",481081.17420000007,4.9046216962759566,null,3.5362930088154245,1.3683286874605325,1.2683276558191441,0.89393060546321412,0.37439705035593007,4.2234044849752745,0.26616938485354802,0.20253036352645806,6.3639021327089998E-2]
["C1","AECB Silver","flat(m)","Post-1982","AECB Silver + Gas Boiler",179030.73999999996,1.4654232969838208,null,1.1826484235215997,0.28277487346222097,0.45304881714965595,0.31807227875989996,0.13497653838975598,1.3656930327123997,0.10569654424575399,7.5721051482999999E-2,2.9975492762753988E-2]
["C1","AECB Silver","flat(m)","ALL","AECB Silver + Gas Boiler",941445.93420000002,10.820951046819131,null,7.3696705687770248,3.4512804780421038,2.8233642206479703,1.8635443411411141,0.9598198795068561,8.5500677446826749,0.58546168010029698,0.41641455223145801,0.16904712786883899]
["C1","AECB Silver","ALL","ALL","AECB Silver + Gas Boiler",2552722.5942000002,52.893643142895208,null,32.166476769700303,20.727166373194912,14.360910364777045,7.9428327283420872,6.4180776364349583,25.568376482401913,2.5842768068826847,1.6023658831843337,0.98191092369835087]
["C2","AECB Silver","detached","Pre-1919","AECB Silver + ASHP",102303.28000000001,7.0922017406110003,null,1.6257832651040001,5.4664184755069991,1.9198415113122,0.68591280141599997,1.2339287098962002,2.3483922530560002,0.31589938266851997,0.16765461526399997,0.14824476740451997]
["C2","AECB Silver","detached","1919-1982","AECB Silver + ASHP",204606.56,5.1371924537660005,null,1.9706885432960002,3.1665039104699999,1.2870353962679841,0.83169301119302408,0.45534238507495994,3.3271829765872001,0.22835647105856,0.20731702402163199,2.1039447036928002E-2]
["C2","AECB Silver","detached","Post-1982","AECB Silver + ASHP",230182.37999999998,5.1144525932212082,null,2.0154999375179998,3.0989526557032083,1.3154692259164051,0.85049512130250005,0.46497410461390509,2.9915779617008997,0.24273467403704102,0.21304069816139998,2.9693975875641002E-2]
["C2","AECB Silver","detached","ALL","AECB Silver + ASHP",537092.22,17.343846787598206,null,5.6119717459179999,11.73187504168021,4.5223461334965895,2.3681009339115242,2.1542451995850653,8.6671531913440987,0.78699052776412104,0.58801233744703196,0.19897819031708897]
["C2","AECB Silver","semi-detached","Pre-1919","AECB Silver + ASHP",51151.64,2.9476999058781601,null,0.72371386337599997,2.22398604250216,0.68923503649444995,0.30525764202799999,0.38397739446644996,0.96555370213200009,0.10743190966923,7.4891116123999998E-2,3.2540793545230005E-2]
["C2","AECB Silver","semi-detached","1919-1982","AECB Silver + ASHP",358061.48000000004,9.3115083441281712,null,2.6181081243353397,6.6934002197928315,3.2917258208814282,1.1327128114593201,2.1590130094221083,1.1444076364883402,0.54292171153743596,0.28630416910060003,0.25661754243683599]
["C2","AECB Silver","semi-detached","Post-1982","AECB Silver + ASHP",102303.27999999998,1.5066337039863997,null,0.59440251745599992,0.91223118653040003,0.37791453124425994,0.25096682588119995,0.12694770536305999,1.1600925963472,7.4944646315259988E-2,6.4588152795199985E-2,1.035649352006001E-2]
["C2","AECB Silver","semi-detached","ALL","AECB Silver + ASHP",511516.4,13.765841953992732,null,3.9362245051673401,9.8296174488253936,4.3588753886201381,1.68893727936852,2.6699381092516181,3.2700539349675402,0.72529826752192594,0.42578343801980001,0.29951482950212605]
["C2","AECB Silver","mid-terrace","Pre-1919","AECB Silver + ASHP",76727.459999999992,3.4056996570148494,null,0.89138893929599994,2.5143107177188497,0.80169338764410014,0.37634819130000002,0.42534519634410006,1.1231442322260001,0.129523337498025,9.3016699758000004E-2,3.6506637740025001E-2]
["C2","AECB Silver","mid-terrace","1919-1982","AECB Silver + ASHP",383637.30000000005,6.15312547007355,null,2.579059294845,3.5740661752285501,1.4913181484837101,1.0888202029950003,0.40249794548870993,4.0848855701940003,0.28345763148624004,0.27720480386099999,6.252827625240002E-3]
["C2","AECB Silver","mid-terrace","Post-1982","AECB Silver + ASHP",102303.28,1.404178227396744,null,0.59323574854759997,0.81094247884914394,0.36331308588453598,0.2504501943172,0.11286289156733599,0.95067573612159995,7.3545362512075996E-2,6.4462319760799996E-2,9.0830427512760027E-3]
["C2","AECB Silver","mid-terrace","ALL","AECB Silver + ASHP",562668.04,10.963003354485142,null,4.0636839826886,6.899319371796544,2.6563246220123462,1.7156185886122002,0.94070603340014602,6.1587055385416001,0.486526331496341,0.43468382337979999,5.1842508116541001E-2]
["C2","AECB Silver","flat(m)","Pre-1919","AECB Silver + ASHP",281334.02,4.4509060535593505,null,1.4947276482600003,2.9561784052993496,1.10198774767917,0.63091967325200005,0.47106807442716997,3.1478463497800009,0.21359575100099498,0.16356759922799999,5.0028151772995001E-2]
["C2","AECB Silver","flat(m)","1919-1982","AECB Silver + ASHP",481081.17420000007,4.9046216962759566,null,2.1010161904601765,2.8036055058157809,1.2683276558191443,0.88653157700401819,0.38179607881512612,4.5594323960452749,0.26616938485354802,0.23413739667139805,3.2031988182150001E-2]
["C2","AECB Silver","flat(m)","Post-1982","AECB Silver + ASHP",179030.73999999996,1.4654232969838208,null,0.77500079946379985,0.69042249752002083,0.45304881714965595,0.32680808371819997,0.12624073343145598,1.4884365080563999,0.10569654424575399,8.6393073894399985E-2,1.9303470351353998E-2]
["C2","AECB Silver","flat(m)","ALL","AECB Silver + ASHP",941445.93420000002,10.820951046819131,null,4.370744638183977,6.4502064086351512,2.8233642206479703,1.8442593339742182,0.97910488667375206,9.1957152538816764,0.58546168010029698,0.48409806979379805,0.101363610306499]
["C2","AECB Silver","ALL","ALL","AECB Silver + ASHP",2552722.5942000002,52.893643142895208,null,17.982624871957917,34.911018270937298,14.360910364777045,7.6169161358664628,6.743994228910581,27.291627918734914,2.5842768068826847,1.9325776686404297,0.651699138242255]
["C3","AECB Silver","detached","Pre-1919","AECB Silver + GSHP",102303.28000000001,7.0922017406110003,null,1.394322094104,5.6978796465070003,1.9198415113122,0.58814155672000012,1.3316999545921999,2.6041504530560009,0.31589938266851997,0.14448292234400001,0.17141646032452001]
["C3","AECB Silver","detached","1919-1982","AECB Silver + GSHP",204606.56,5.1371924537660005,null,1.7106642965199998,3.4265281572459996,1.2870353962679839,0.72195948488793604,0.56507591138004787,3.8386993765872002,0.22835647105856,0.18130105438975999,4.7055416668799997E-2]
["C3","AECB Silver","detached","Post-1982","AECB Silver + GSHP",230182.37999999998,5.1144525932212082,null,1.7879025056453997,3.3265500875758081,1.3154692259164049,0.75413272065119996,0.56133650526520495,3.5670339117008996,0.24273467403704102,0.19021466244869997,5.252001158834102E-2]
["C3","AECB Silver","detached","ALL","AECB Silver + GSHP",537092.22,17.343846787598206,null,4.8928888962693993,12.450957891328807,4.5223461334965886,2.064233762259136,2.4581123712374531,10.009883741344101,0.78699052776412104,0.51599863918245992,0.27099188858166107]
["C3","AECB Silver","semi-detached","Pre-1919","AECB Silver + GSHP",51151.64,2.9476999058781601,null,0.62115994034000011,2.32653996553816,0.68923503649444995,0.26201916073600001,0.42721587575844999,1.0934328021319999,0.10743190966923,6.4645442632000005E-2,4.2786467037230012E-2]
["C3","AECB Silver","semi-detached","1919-1982","AECB Silver + GSHP",358061.48000000004,9.3115083441281712,null,2.2638104075823602,7.0476979365458119,3.2917258208814282,0.97923387576434007,2.3124919451170882,1.3547687559883401,0.54292171153743596,0.24994696448288001,0.29297474705455601]
["C3","AECB Silver","semi-detached","Post-1982","AECB Silver + GSHP",102303.27999999998,1.5066337039863997,null,0.52454165360960003,0.98209205037679992,0.37791453124425994,0.22147790542119997,0.15643662582305998,1.4158507963471996,7.4944646315259988E-2,5.7602373320399997E-2,1.7342272994860002E-2]
["C3","AECB Silver","semi-detached","ALL","AECB Silver + GSHP",511516.4,13.765841953992732,null,3.4095120015319607,10.35632995246077,4.3588753886201381,1.46273094192154,2.8961444466985982,3.8640523544675398,0.72529826752192594,0.37219478043527998,0.35310348708664602]
["C3","AECB Silver","mid-terrace","Pre-1919","AECB Silver + GSHP",76727.459999999992,3.4056996570148494,null,0.76735132746000001,2.6383483295548498,0.80169338764410003,0.32369780824800004,0.47799557939609999,1.3149628822259998,0.129523337498025,8.0540814762000007E-2,4.8982522736024998E-2]
["C3","AECB Silver","mid-terrace","1919-1982","AECB Silver + GSHP",383637.30000000005,6.15312547007355,null,2.2353586377750005,3.9177668322985495,1.4913181484837101,0.94266973718700009,0.54864841129671005,5.0439788201939999,0.28345763148624004,0.24255468292500001,4.090294856123998E-2]
["C3","AECB Silver","mid-terrace","Post-1982","AECB Silver + GSHP",102303.28,1.404178227396744,null,0.52453858451119995,0.87963964288554386,0.36331308588453592,0.22136895242799998,0.14194413345653598,1.2064339361215997,7.3545362512075996E-2,5.7570147787200002E-2,1.5975214724875994E-2]
["C3","AECB Silver","mid-terrace","ALL","AECB Silver + GSHP",562668.04,10.963003354485142,null,3.5272485497462003,7.4357548047389423,2.6563246220123462,1.4877364978630003,1.1685881241493461,7.5653756385415996,0.486526331496341,0.38066564547420001,0.10586068602214098]
["C3","AECB Silver","flat(m)","Pre-1919","AECB Silver + GSHP",281334.02,4.4509060535593505,null,1.2997631723999998,3.1511428811593505,1.10198774767917,0.54848880539199996,0.55349894228717011,3.8511813997800002,0.21359575100099498,0.14404301824000001,6.9552732760994995E-2]
["C3","AECB Silver","flat(m)","1919-1982","AECB Silver + GSHP",481081.17420000007,4.9046216962759566,null,1.8397313831286723,3.0648903131472847,1.2683276558191441,0.77682582603945005,0.49150182977969414,5.7621353315452737,0.26616938485354802,0.20811090514717803,5.8058479706370014E-2]
["C3","AECB Silver","flat(m)","Post-1982","AECB Silver + GSHP",179030.73999999996,1.4654232969838208,null,0.69009010009659988,0.77533319688722069,0.453048817149656,0.29120603076180002,0.16184278638785599,1.9360133580563996,0.10569654424575399,7.7963411501499977E-2,2.7733132744253999E-2]
["C3","AECB Silver","flat(m)","ALL","AECB Silver + GSHP",941445.93420000002,10.820951046819131,null,3.8295846556252724,6.9913663911938553,2.8233642206479703,1.6165206621932502,1.2068435584547201,11.549330089381673,0.58546168010029698,0.43011733488867809,0.15534434521161902]
["C3","AECB Silver","ALL","ALL","AECB Silver + GSHP",2552722.5942000002,52.893643142895208,null,15.659234103172833,37.234409039722372,14.360910364777045,6.6312218642369265,7.7296885005401181,32.988641823734916,2.5842768068826847,1.6989763999806178,0.88530040690206724]
["C4","AECB Silv. + Renewables","detached","Pre-1919","AECB Silver + ASHP + Solar Thermal",102303.28000000001,7.0922017406110003,null,1.5387538648079999,5.5534478758030001,1.9198415113122,0.64962582800000002,1.2702156833122,2.5018471730560004,0.31589938266851997,0.15905090941600003,0.15684847325251999]
["C4","AECB Silv. + Renewables","detached","1919-1982","AECB Silver + ASHP + Solar Thermal",204606.56,5.1371924537660005,null,1.7993305492959999,3.33786190447,1.2870353962679841,0.75934413157702407,0.52769126469095995,3.6340928165871995,0.22835647105856,0.19017099429363199,3.8185476764927985E-2]
["C4","AECB Silv. + Renewables","detached","Post-1982","AECB Silver + ASHP + Solar Thermal",230182.37999999998,5.1144525932212082,null,1.8217324100340002,3.2927201831872086,1.3154692259164049,0.76896337139459991,0.54650585452180511,3.3368515317008995,0.24273467403704102,0.19372724556749996,4.9007428469541037E-2]
["C4","AECB Silv. + Renewables","detached","ALL","AECB Silver + ASHP + Solar Thermal",537092.22,17.343846787598206,null,5.1598168241379998,12.184029963460208,4.5223461334965886,2.1779333309716238,2.3444128025249649,9.4727915213440994,0.78699052776412104,0.542949149277132,0.24404137848698901]
["C4","AECB Silv. + Renewables","semi-detached","Pre-1919","AECB Silver + ASHP + Solar Thermal",51151.64,2.9476999058781601,null,0.680357733312,2.2673421725661602,0.68923503649444995,0.28710904015599992,0.40212599633844998,1.0422811621320001,0.10743190966923,7.0594378363999996E-2,3.6837531305230008E-2]
["C4","AECB Silv. + Renewables","semi-detached","1919-1982","AECB Silver + ASHP + Solar Thermal",358061.48000000004,9.3115083441281712,null,2.3298410622013801,6.981667281926792,3.2917258208814282,1.00778444496436,2.2839413759170681,1.2706243081883402,0.54292171153743596,0.25670931359415999,0.28621239794327596]
["C4","AECB Silv. + Renewables","semi-detached","Post-1982","AECB Silver + ASHP + Solar Thermal",102303.27999999998,1.5066337039863997,null,0.51063249966079993,0.9960012043255998,0.37791453124425994,0.21542717792559998,0.16248735331865996,1.3135475163471999,7.4944646315259988E-2,5.6168592851199989E-2,1.8776053464060003E-2]
["C4","AECB Silv. + Renewables","semi-detached","ALL","AECB Silver + ASHP + Solar Thermal",511516.4,13.765841953992732,null,3.5208312951741805,10.245010658818552,4.3588753886201381,1.51032066304596,2.8485547255741781,3.6264529866675401,0.72529826752192594,0.38347228480936002,0.34182598271256603]
["C4","AECB Silv. + Renewables","mid-terrace","Pre-1919","AECB Silver + ASHP + Solar Thermal",76727.459999999992,3.4056996570148494,null,0.82726780097399999,2.5784318560408499,0.80169338764410003,0.34917132496800002,0.45252206267610001,1.2382354222260001,0.129523337498025,8.6579265864000013E-2,4.2944071634024993E-2]
["C4","AECB Silv. + Renewables","mid-terrace","1919-1982","AECB Silver + ASHP + Solar Thermal",383637.30000000005,6.15312547007355,null,2.2660112580450007,3.8871142120285489,1.4913181484837099,0.95592824227500006,0.53538990620870996,4.6603415201940006,0.28345763148624004,0.24571201790400005,3.7745613582239962E-2]
["C4","AECB Silv. + Renewables","mid-terrace","Post-1982","AECB Silver + ASHP + Solar Thermal",102303.28,1.404178227396744,null,0.5094242979239999,0.89475392947274401,0.36331308588453592,0.21487934386119997,0.14843374202333598,1.1041306561216,7.3545362512075996E-2,5.6032529488799998E-2,1.7512833023276001E-2]
["C4","AECB Silv. + Renewables","mid-terrace","ALL","AECB Silver + ASHP + Solar Thermal",562668.04,10.963003354485142,null,3.602703356943,7.3602999975421426,2.6563246220123458,1.5199789111041999,1.1363457109081458,7.0027075985416003,0.486526331496341,0.38832381325680004,9.8202518239540959E-2]
["C4","AECB Silv. + Renewables","flat(m)","Pre-1919","AECB Silver + ASHP + Solar Thermal",281334.02,4.4509060535593505,null,1.2682537621600001,3.1826522913993505,1.1019877476791702,0.53554744047200009,0.56644030720717009,3.5698473797799997,0.21359575100099498,0.14097647742200001,7.2619273578995003E-2]
["C4","AECB Silv. + Renewables","flat(m)","1919-1982","AECB Silver + ASHP + Solar Thermal",481081.17420000007,4.9046216962759566,null,1.7222128738950964,3.1824088223808604,1.2683276558191443,0.72637965411283822,0.54194800170630608,5.2810541573452738,0.26616938485354802,0.19618490283876003,6.9984482014788019E-2]
["C4","AECB Silv. + Renewables","flat(m)","Post-1982","AECB Silver + ASHP + Solar Thermal",179030.73999999996,1.4654232969838208,null,0.63015687442050006,0.83526642256332073,0.45304881714965595,0.26600834926049993,0.18704046788915599,1.7569826180563997,0.10569654424575399,7.1981099324399972E-2,3.3715444921353997E-2]
["C4","AECB Silv. + Renewables","flat(m)","ALL","AECB Silver + ASHP + Solar Thermal",941445.93420000002,10.820951046819131,null,3.6206235104755966,7.200327536343532,2.8233642206479703,1.5279354438453381,1.2954287768026322,10.607884155181676,0.58546168010029698,0.40914247958516003,0.17631920051513703]
["C4","AECB Silv. + Renewables","ALL","ALL","AECB Silver + ASHP + Solar Thermal",2552722.5942000002,52.893643142895208,null,15.903974986730777,36.989668156164448,14.360910364777041,6.7361683489671211,7.6247420158099199,30.709836261734914,2.5842768068826847,1.723887726928452,0.86038907995423297]
["C5","AECB Silv. + Renewables","detached","Pre-1919","AECB Silver  + ASHP + Solar PV",102303.28000000001,7.0922017406110003,null,1.5591224478560002,5.5330792927550005,1.9198415113122005,0.64779459928799998,1.2720469120242004,2.9110602930560008,0.31589938266851997,0.16094352009600002,0.15495586257251998]
["C5","AECB Silv. + Renewables","detached","1919-1982","AECB Silver  + ASHP + Solar PV",204606.56,5.1371924537660005,null,1.837438521096,3.2997539326699998,1.2870353962679841,0.75545660693702421,0.53157878933095992,4.4525190565872004,0.22835647105856,0.19389483368563198,3.4461637372928011E-2]
["C5","AECB Silv. + Renewables","detached","Post-1982","AECB Silver  + ASHP + Solar PV",230182.37999999998,5.1144525932212082,null,1.8630271290059999,3.2514254642152087,1.3154692259164049,0.76472916651449985,0.55074005940190507,4.2575810517008987,0.24273467403704102,0.19794073403339996,4.4793940003641022E-2]
["C5","AECB Silv. + Renewables","detached","ALL","AECB Silver  + ASHP + Solar PV",537092.22,17.343846787598206,null,5.2595880979580008,12.084258689640208,4.5223461334965886,2.1679803727395237,2.3543657607570654,11.621160401344101,0.78699052776412104,0.55277908781503204,0.234211439949089]
["C5","AECB Silv. + Renewables","semi-detached","Pre-1919","AECB Silver  + ASHP + Solar PV",51151.64,2.9476999058781601,null,0.68952922236400005,2.2581706835141602,0.68923503649445006,0.28619342580000001,0.40304161069445005,1.2468877221320001,0.10743190966923,7.1535568540000011E-2,3.5896341129230007E-2]
["C5","AECB Silv. + Renewables","semi-detached","1919-1982","AECB Silver  + ASHP + Solar PV",358061.48000000004,9.3115083441281712,null,2.3909841776184,6.9205241665097716,3.2917258208814282,0.99929910401131994,2.292426716870108,1.60720209938834,0.54292171153743596,0.26281533601259999,0.28010637552483603]
["C5","AECB Silv. + Renewables","semi-detached","Post-1982","AECB Silver  + ASHP + Solar PV",102303.27999999998,1.5066337039863997,null,0.52773760807680004,0.97889609590959992,0.37791453124425994,0.21284862375319999,0.16506590749105995,1.7227606363471997,7.4944646315259988E-2,5.7877057627199996E-2,1.7067588688060006E-2]
["C5","AECB Silv. + Renewables","semi-detached","ALL","AECB Silver  + ASHP + Solar PV",511516.4,13.765841953992732,null,3.6082510080592005,10.157590945933531,4.3588753886201381,1.4983411535645199,2.860534235055618,4.5768504578675397,0.72529826752192594,0.39222796217980005,0.33307030534212601]
["C5","AECB Silv. + Renewables","mid-terrace","Pre-1919","AECB Silver  + ASHP + Solar PV",76727.459999999992,3.4056996570148494,null,0.84198412780199994,2.5637155292128502,0.80169338764410014,0.34775953970399998,0.45393384794010011,1.5451452622259998,0.129523337498025,8.7983378382000002E-2,4.1539959116024996E-2]
["C5","AECB Silv. + Renewables","mid-terrace","1919-1982","AECB Silver  + ASHP + Solar PV",383637.30000000005,6.15312547007355,null,2.3279686819950003,3.8251567880785498,1.4913181484837099,0.94587310864200003,0.54544503984170989,6.1948907201940004,0.28345763148624004,0.25203819698100005,3.1419434505239985E-2]
["C5","AECB Silv. + Renewables","mid-terrace","Post-1982","AECB Silver  + ASHP + Solar PV",102303.28,1.404178227396744,null,0.52672378257200003,0.87745444482474377,0.36331308588453598,0.21233199218919999,0.15098109369533599,1.5133437761216,7.3545362512075996E-2,5.7751224592800007E-2,1.5794137919275992E-2]
["C5","AECB Silv. + Renewables","mid-terrace","ALL","AECB Silver  + ASHP + Solar PV",562668.04,10.963003354485142,null,3.6966765923690006,7.2663267621161438,2.6563246220123462,1.5059646405351998,1.1503599814771461,9.2533797585416,0.486526331496341,0.39777279995580006,8.875353154054097E-2]
["C5","AECB Silv. + Renewables","flat(m)","Pre-1919","AECB Silver  + ASHP + Solar PV",281334.02,4.4509060535593505,null,1.3096098631000002,3.1412961904593502,1.10198774767917,0.52609461739999996,0.57589313027917011,4.6951834597800008,0.21359575100099498,0.14511208751599997,6.8483663484995017E-2]
["C5","AECB Silv. + Renewables","flat(m)","1919-1982","AECB Silver  + ASHP + Solar PV",481081.17420000007,4.9046216962759566,null,1.7848496427759366,3.1197720535000211,1.2683276558191443,0.70728073149709814,0.56104692432204617,7.205378854145275,0.26616938485354802,0.20257847164387804,6.3590913209669989E-2]
["C5","AECB Silv. + Renewables","flat(m)","Post-1982","AECB Silver  + ASHP + Solar PV",179030.73999999996,1.4654232969838208,null,0.65685035775449974,0.80857293922932094,0.45304881714965595,0.26010033484049994,0.19294848230915601,2.4731055780564,0.10569654424575399,7.464865735039998E-2,3.1047886895353989E-2]
["C5","AECB Silv. + Renewables","flat(m)","ALL","AECB Silver  + ASHP + Solar PV",941445.93420000002,10.820951046819131,null,3.7513098636304365,7.0696411831886916,2.8233642206479708,1.4934756837375982,1.3298885369103723,14.373667891981675,0.58546168010029698,0.422339216510278,0.163122463590019]
["C5","AECB Silv. + Renewables","ALL","ALL","AECB Silver  + ASHP + Solar PV",2552722.5942000002,52.893643142895208,null,16.315825562016634,36.57781758087858,14.360910364777041,6.6657618505768399,7.6951485142002021,39.825058509734909,2.5842768068826847,1.7651190664609098,0.81915774042177503]
["C6","AECB Silv. + Renewables","detached","Pre-1919","AECB Silver  + ASHP + Solar Thermal + Solar PV",102303.28000000001,7.0922017406110003,null,1.4720930475599998,5.6201086930509998,1.9198415113122003,0.61150762587200003,1.3083338854402002,3.0645152130560001,0.31589938266851997,0.15233981424799997,0.16355956842051997]
["C6","AECB Silv. + Renewables","detached","1919-1982","AECB Silver  + ASHP + Solar Thermal + Solar PV",204606.56,5.1371924537660005,null,1.6654360164320001,3.4717564373340002,1.2870353962679841,0.68310772732102409,0.60392766894696004,4.7594288965871998,0.22835647105856,0.17674880395763201,5.1607667100927991E-2]
["C6","AECB Silv. + Renewables","detached","Post-1982","AECB Silver  + ASHP + Solar Thermal + Solar PV",230182.37999999998,5.1144525932212082,null,1.6722772925237999,3.4421753006974085,1.3154692259164049,0.68319741660659994,0.63227180930980498,4.6028546217009003,0.24273467403704102,0.17862728143949999,6.4107392597541002E-2]
["C6","AECB Silv. + Renewables","detached","ALL","AECB Silver  + ASHP + Solar Thermal + Solar PV",537092.22,17.343846787598206,null,4.8098063565158009,12.534040431082408,4.5223461334965895,1.9778127697996242,2.5445333636969654,12.426798731344102,0.78699052776412104,0.50771589964513197,0.27927462811898895]
["C6","AECB Silv. + Renewables","semi-detached","Pre-1919","AECB Silver  + ASHP + Solar Thermal + Solar PV",51151.64,2.9476999058781601,null,0.64700686403199992,2.3006930418461602,0.68923503649445017,0.26804993909200009,0.42118509740245003,1.3236151821319999,0.10743190966923,6.7238830779999995E-2,4.0193078889230002E-2]
["C6","AECB Silv. + Renewables","semi-detached","1919-1982","AECB Silver  + ASHP + Solar Thermal + Solar PV",358061.48000000004,9.3115083441281712,null,2.10239127953764,7.209117064590532,3.2917258208814282,0.87436715690156031,2.4173586639798681,1.73341877108834,0.54292171153743596,0.23322048050616001,0.30970123103127606]
["C6","AECB Silv. + Renewables","semi-detached","Post-1982","AECB Silver  + ASHP + Solar Thermal + Solar PV",102303.27999999998,1.5066337039863997,null,0.44311233486079993,1.0635213691256,0.37791453124425994,0.17730897579759999,0.20060555544665995,1.8762155563471996,7.4944646315259988E-2,4.94574976832E-2,2.5487148632060006E-2]
["C6","AECB Silv. + Renewables","semi-detached","ALL","AECB Silver  + ASHP + Solar Thermal + Solar PV",511516.4,13.765841953992732,null,3.1925104784304397,10.573331475562293,4.3588753886201381,1.3197260717911603,3.0391493168289783,4.9332495095675393,0.72529826752192594,0.34991680896936,0.37538145855256605]
["C6","AECB Silv. + Renewables","mid-terrace","Pre-1919","AECB Silver  + ASHP + Solar Thermal + Solar PV",76727.459999999992,3.4056996570148494,null,0.77681182327800014,2.62888783373685,0.80169338764409992,0.32058267337199997,0.4811107142721,1.6602364522259998,0.129523337498025,8.1545944487999997E-2,4.7977393010025009E-2]
["C6","AECB Silv. + Renewables","mid-terrace","1919-1982","AECB Silver  + ASHP + Solar Thermal + Solar PV",383637.30000000005,6.15312547007355,null,2.0149206451950001,4.1382048248785495,1.4913181484837099,0.8129849842950001,0.67833316418870993,6.7703466701939998,0.28345763148624004,0.22054541102400005,6.2912220462239987E-2]
["C6","AECB Silv. + Renewables","mid-terrace","Post-1982","AECB Silver  + ASHP + Solar Thermal + Solar PV",102303.28,1.404178227396744,null,0.44209288267559993,0.96208534472114393,0.36331308588453598,0.17676114173320001,0.18655194415133597,1.6667986961215999,7.3545362512075996E-2,4.9321434320800002E-2,2.4223928191275994E-2]
["C6","AECB Silv. + Renewables","mid-terrace","ALL","AECB Silver  + ASHP + Solar Thermal + Solar PV",562668.04,10.963003354485142,null,3.2338253511486004,7.7291780033365436,2.6563246220123462,1.3103287994002002,1.345995822612146,10.097381818541599,0.486526331496341,0.35141278983280005,0.13511354166354098]
["C6","AECB Silv. + Renewables","flat(m)","Pre-1919","AECB Silver  + ASHP + Solar Thermal + Solar PV",281334.02,4.4509060535593505,null,1.0851053151400001,3.3658007384193502,1.10198774767917,0.43072238461999995,0.67126536305917006,5.1171844897800005,0.21359575100099498,0.12252096571000001,9.1074785290994997E-2]
["C6","AECB Silv. + Renewables","flat(m)","1919-1982","AECB Silver  + ASHP + Solar Thermal + Solar PV",481081.17420000007,4.9046216962759566,null,1.4060463262108562,3.498575370065101,1.2683276558191441,0.54712880860591806,0.72119884721322602,7.9270006154452748,0.26616938485354802,0.16462597781124005,0.10154340704230801]
["C6","AECB Silv. + Renewables","flat(m)","Post-1982","AECB Silver  + ASHP + Solar Thermal + Solar PV",179030.73999999996,1.4654232969838208,null,0.51321399505249998,0.9522093019313207,0.45304881714965595,0.19930149553649998,0.25374732161315594,2.7416516880563999,0.10569654424575399,6.0236682780400001E-2,4.5459861465353989E-2]
["C6","AECB Silv. + Renewables","flat(m)","ALL","AECB Silver  + ASHP + Solar Thermal + Solar PV",941445.93420000002,10.820951046819131,null,3.0043656364033562,7.8165854104157715,2.8233642206479699,1.177152688762418,1.6462115318855519,15.785836793281675,0.58546168010029698,0.34738362630164005,0.23807805379865701]
["C6","AECB Silv. + Renewables","ALL","ALL","AECB Silver  + ASHP + Solar Thermal + Solar PV",2552722.5942000002,52.893643142895208,null,14.240507822498197,38.65313532039702,14.360910364777045,5.7850203297534017,8.575890035023642,43.243266852734919,2.5842768068826847,1.5564291247489321,1.027847682133753]
["D1","AECB Gold","detached","Pre-1919","AECB Gold  + Gas Boiler + Solar Thermal",102303.28000000001,7.0922017406110003,null,1.6017113033199999,5.4904904372910011,1.9198415113122,0.43939258760000005,1.4804489237122,3.1044492984040004,0.31589938266851997,9.2042261016000007E-2,0.22385712165251997]
["D1","AECB Gold","detached","1919-1982","AECB Gold  + Gas Boiler + Solar Thermal",204606.56,5.1371924537660005,null,2.1621798227999998,2.9750126309660003,1.2870353962679839,0.5970398960144,0.68999550025358392,4.5038425660975996,0.22835647105856,0.13188120431360001,9.647526674496E-2]
["D1","AECB Gold","detached","Post-1982","AECB Gold  + Gas Boiler + Solar Thermal",230182.37999999998,5.1144525932212082,null,2.0369414262149999,3.0775111670062083,1.3154692259164049,0.61577929932839992,0.699689926588005,4.5780777903177006,0.24273467403704102,0.14530377828689994,9.7430895750141022E-2]
["D1","AECB Gold","detached","ALL","AECB Gold  + Gas Boiler + Solar Thermal",537092.22,17.343846787598206,null,5.8008325523349997,11.543014235263207,4.5223461334965886,1.6522117829427998,2.8701343505537888,12.186369654819302,0.78699052776412104,0.36922724361649994,0.41776328414762098]
["D1","AECB Gold","semi-detached","Pre-1919","AECB Gold  + Gas Boiler + Solar Thermal",51151.64,2.9476999058781601,null,0.70703842873599998,2.2406614771421598,0.68923503649445006,0.19510258528800001,0.49413245120645005,1.2946940448760003,0.10743190966923,4.1576052992000005E-2,6.5855856677230012E-2]
["D1","AECB Gold","semi-detached","1919-1982","AECB Gold  + Gas Boiler + Solar Thermal",358061.48000000004,9.3115083441281712,null,2.7393190965449401,6.5721892475832329,3.2917258208814282,0.77686468849793999,2.514861132383488,1.54925575686476,0.54292171153743596,0.18048769216212004,0.36243401937531594]
["D1","AECB Gold","semi-detached","Post-1982","AECB Gold  + Gas Boiler + Solar Thermal",102303.27999999998,1.5066337039863997,null,0.5919717915231999,0.91466191246319994,0.37791453124426,0.17739746813479998,0.20051706310945999,1.6812800323154402,7.4944646315259988E-2,4.5078405782800007E-2,2.9866240532460002E-2]
["D1","AECB Gold","semi-detached","ALL","AECB Gold  + Gas Boiler + Solar Thermal",511516.4,13.765841953992732,null,4.0383293168041403,9.7275126371885907,4.3588753886201381,1.1493647419207398,3.2095106466993979,4.5252298340561996,0.72529826752192594,0.26714215093692006,0.45815611658500593]
["D1","AECB Gold","mid-terrace","Pre-1919","AECB Gold  + Gas Boiler + Solar Thermal",76727.459999999992,3.4056996570148494,null,0.87562144626600003,2.53007821074885,0.80169338764410003,0.24285775639200002,0.55883563125210001,1.5374149706310001,0.129523337498025,5.3172129780000001E-2,7.6351207718025005E-2]
["D1","AECB Gold","mid-terrace","1919-1982","AECB Gold  + Gas Boiler + Solar Thermal",383637.30000000005,6.15312547007355,null,2.6896043828400003,3.4635210872335498,1.4913181484837099,0.74812342598400006,0.74319472249970997,5.6172672194490012,0.28345763148624004,0.178126634763,0.10533099672323999]
["D1","AECB Gold","mid-terrace","Post-1982","AECB Gold  + Gas Boiler + Solar Thermal",102303.28,1.404178227396744,null,0.59127817528479998,0.81290005211194394,0.36331308588453598,0.1779990114212,0.18531407446333598,1.4091371435972002,7.3545362512075996E-2,4.5291708121599994E-2,2.8253654390475998E-2]
["D1","AECB Gold","mid-terrace","ALL","AECB Gold  + Gas Boiler + Solar Thermal",562668.04,10.963003354485142,null,4.1565040043908006,6.8064993500943443,2.6563246220123458,1.1689801937972,1.4873444282151458,8.5638193336772019,0.486526331496341,0.27659047266460002,0.20993585883174098]
["D1","AECB Gold","flat(m)","Pre-1919","AECB Gold  + Gas Boiler + Solar Thermal",281334.02,4.4509060535593505,null,1.3411192733399999,3.1097867802193502,1.1019877476791702,0.39673723500400004,0.70525051267517014,4.0185610749790008,0.21359575100099498,0.10519079007799999,0.10840496092299499]
["D1","AECB Gold","flat(m)","1919-1982","AECB Gold  + Gas Boiler + Solar Thermal",481081.17420000007,4.9046216962759566,null,2.0640306697876802,2.8405910264882772,1.2683276558191441,0.60741309054491999,0.6609145652742241,5.9416773040536714,0.26616938485354802,0.16539570768996004,0.10077367716358802]
["D1","AECB Gold","flat(m)","Post-1982","AECB Gold  + Gas Boiler + Solar Thermal",179030.73999999996,1.4654232969838208,null,0.77801017193014488,0.68741312505367591,0.45304881714965595,0.23910763784494996,0.21394117930470596,2.0911775101069998,0.10569654424575399,6.545166920586E-2,4.0244875039893983E-2]
["D1","AECB Gold","flat(m)","ALL","AECB Gold  + Gas Boiler + Solar Thermal",941445.93420000002,10.820951046819131,null,4.1831601150578246,6.6377909317613026,2.8233642206479699,1.2432579633938698,1.5801062572541003,12.051415889139673,0.58546168010029698,0.33603816697382005,0.24942351312647701]
["D1","AECB Gold","ALL","ALL","AECB Gold  + Gas Boiler + Solar Thermal",2552722.5942000002,52.893643142895208,null,18.178825988587764,34.714817154307447,14.360910364777041,5.2138146820546094,9.1470956827224317,37.326834711692378,2.5842768068826847,1.2489980341918399,1.3352787726908451]
["D2","AECB Gold","detached","Pre-1919","AECB Gold  + ASHP  + Solar Thermal",102303.28000000001,7.0922017406110003,null,1.0202808417679998,6.0719208988430005,1.9198415113122,0.43047174158400003,1.4893697697282,3.157774883104,0.31589938266851997,0.10712176448800001,0.20877761818051999]
["D2","AECB Gold","detached","1919-1982","AECB Gold  + ASHP  + Solar Thermal",204606.56,5.1371924537660005,null,1.3851864112000001,3.7520060425659993,1.2870353962679841,0.58502949094240009,0.70200590532558393,4.6427294990255996,0.22835647105856,0.14886354879360003,7.9492922264959992E-2]
["D2","AECB Gold","detached","Post-1982","AECB Gold  + ASHP  + Solar Thermal",230182.37999999998,5.1144525932212082,null,1.4884300271436117,3.6260225660775967,1.3154692259164049,0.62819683309106977,0.68727239282533503,4.7406440961927006,0.24273467403704102,0.16036495668386999,8.2369717353171015E-2]
["D2","AECB Gold","detached","ALL","AECB Gold  + ASHP  + Solar Thermal",537092.22,17.343846787598206,null,3.8938972801116116,13.449949507486597,4.5223461334965886,1.64369806561747,2.8786480678791189,12.541148478322301,0.78699052776412104,0.41635026996547003,0.37064025779865101]
["D2","AECB Gold","semi-detached","Pre-1919","AECB Gold  + ASHP  + Solar Thermal",51151.64,2.9476999058781601,null,0.45440559394000002,2.4932943119381603,0.68923503649445006,0.19159869794800002,0.49763633854645001,1.3265615165960003,0.10743190966923,4.7959777664000003E-2,5.9472132005230008E-2]
["D2","AECB Gold","semi-detached","1919-1982","AECB Gold  + ASHP  + Solar Thermal",358061.48000000004,9.3115083441281712,null,1.7513682140500002,7.5601401300781701,3.2917258208814282,0.75781904031526004,2.5339067805661681,1.5866731815247603,0.54292171153743596,0.19748540770994003,0.34543630382749607]
["D2","AECB Gold","semi-detached","Post-1982","AECB Gold  + ASHP  + Solar Thermal",102303.27999999998,1.5066337039863997,null,0.42398162150079999,1.0826520824855999,0.37791453124426,0.1789402015972,0.19897432964705997,1.75805864395544,7.4944646315259988E-2,4.7523454174799994E-2,2.7421192140460012E-2]
["D2","AECB Gold","semi-detached","ALL","AECB Gold  + ASHP  + Solar Thermal",511516.4,13.765841953992732,null,2.6297554294908001,11.136086524501929,4.3588753886201381,1.1283579398604602,3.2305174487596782,4.6712933420762006,0.72529826752192594,0.29296863954874003,0.43232962797318608]
["D2","AECB Gold","mid-terrace","Pre-1919","AECB Gold  + ASHP  + Solar Thermal",76727.459999999992,3.4056996570148494,null,0.56552741667600004,2.8401722403388496,0.80169338764409992,0.23874516453599995,0.5629482231081,1.5858491797560001,0.129523337498025,6.0415202003999996E-2,6.9108135494025003E-2]
["D2","AECB Gold","mid-terrace","1919-1982","AECB Gold  + ASHP  + Solar Thermal",383637.30000000005,6.15312547007355,null,1.72959040332,4.4235350667535496,1.4913181484837101,0.7302612732960001,0.76105687518771004,5.8965935375789993,0.28345763148624004,0.19222914191099999,9.1228489575240018E-2]
["D2","AECB Gold","mid-terrace","Post-1982","AECB Gold  + ASHP  + Solar Thermal",102303.28,1.404178227396744,null,0.42656887145200001,0.97760935594474407,0.36331308588453598,0.17991719792119998,0.183395887963336,1.4831996031532,7.3545362512075996E-2,4.7746986841599996E-2,2.5798375670475999E-2]
["D2","AECB Gold","mid-terrace","ALL","AECB Gold  + ASHP  + Solar Thermal",562668.04,10.963003354485142,null,2.7216866914480002,8.2413166630371428,2.6563246220123462,1.1489236357532,1.5074009862591462,8.9656423204881985,0.486526331496341,0.30039133075659996,0.18613500073974099]
["D2","AECB Gold","flat(m)","Pre-1919","AECB Gold  + ASHP  + Solar Thermal",281334.02,4.4509060535593505,null,0.93740495464000018,3.5135010989193507,1.1019877476791702,0.39594949974800003,0.70603824793117009,4.2054371977640006,0.21359575100099498,0.10789159667000002,0.105704154330995]
["D2","AECB Gold","flat(m)","1919-1982","AECB Gold  + ASHP  + Solar Thermal",481081.17420000007,4.9046216962759566,null,1.4287148711391604,3.4759068251367968,1.2683276558191443,0.60298714374228013,0.66534051207686418,6.2777052151236727,0.26616938485354802,0.16693516744740003,9.9234217406148004E-2]
["D2","AECB Gold","flat(m)","Post-1982","AECB Gold  + ASHP  + Solar Thermal",179030.73999999996,1.4654232969838208,null,0.57473611854609985,0.89068717843772061,0.45304881714965595,0.24240493649889996,0.21064388065075598,2.2121306780509995,0.10569654424575399,6.6393549928999984E-2,3.9302994316753999E-2]
["D2","AECB Gold","flat(m)","ALL","AECB Gold  + ASHP  + Solar Thermal",941445.93420000002,10.820951046819131,null,2.9408559443252602,7.8800951024938692,2.8233642206479708,1.2413415799891803,1.5820226406587903,12.695273090938672,0.58546168010029698,0.34122031404640008,0.24424136605389701]
["D2","AECB Gold","ALL","ALL","AECB Gold  + ASHP  + Solar Thermal",2552722.5942000002,52.893643142895208,null,12.186195345375674,40.707447797519542,14.360910364777045,5.1623212212203109,9.1985891435567346,38.873357231825374,2.5842768068826847,1.3509305543172099,1.233346252565475]
["D3","AECB Gold","detached","Pre-1919","AECB Gold  + GSHP  + Solar Thermal",102303.28000000001,7.0922017406110003,null,0.92028961589600011,6.1719121247149999,1.9198415113122003,0.38831255989599994,1.5315289514162003,3.4135330831040007,0.31589938266851997,9.7136964359999994E-2,0.21876241830852003]
["D3","AECB Gold","detached","1919-1982","AECB Gold  + GSHP  + Solar Thermal",204606.56,5.1371924537660005,null,1.2537266963999998,3.8834657573659999,1.2870353962679841,0.52888340481280016,0.75815199145518386,5.1542458990255993,0.22835647105856,0.13556003026239999,9.2796440796159993E-2]
["D3","AECB Gold","detached","Post-1982","AECB Gold  + GSHP  + Solar Thermal",230182.37999999998,5.1144525932212082,null,1.3735068242445361,3.7409457689766725,1.3154692259164049,0.57999781664920791,0.73547140926719701,5.3161000461927008,0.24273467403704102,0.148952238064614,9.3782435972427011E-2]
["D3","AECB Gold","detached","ALL","AECB Gold  + GSHP  + Solar Thermal",537092.22,17.343846787598206,null,3.5475231365405357,13.796323651057671,4.5223461334965895,1.4971937813580081,3.0251523521385812,13.883879028322299,0.78699052776412104,0.38164923268701401,0.40534129507710703]
["D3","AECB Gold","semi-detached","Pre-1919","AECB Gold  + GSHP  + Solar Thermal",51151.64,2.9476999058781601,null,0.41021569214400005,2.5374842137341602,0.68923503649444995,0.17310226492399999,0.51613277157045001,1.4544406165960002,0.10743190966923,4.3576082115999996E-2,6.3855827553230007E-2]
["D3","AECB Gold","semi-detached","1919-1982","AECB Gold  + GSHP  + Solar Thermal",358061.48000000004,9.3115083441281712,null,1.5846542518697802,7.7268540922583906,3.2917258208814282,0.68588216158364002,2.6058436592977881,1.7970343010247602,0.54292171153743596,0.18042825395644002,0.36249345758099605]
["D3","AECB Gold","semi-detached","Post-1982","AECB Gold  + GSHP  + Solar Thermal",102303.27999999998,1.5066337039863997,null,0.39130186173759995,1.1153318422487999,0.37791453124426,0.16508424535400001,0.21283028589025998,2.01381684395544,7.4944646315259988E-2,4.4235426755600001E-2,3.0709219559660002E-2]
["D3","AECB Gold","semi-detached","ALL","AECB Gold  + GSHP  + Solar Thermal",511516.4,13.765841953992732,null,2.3861718057513799,11.379670148241351,4.3588753886201381,1.0240686718616401,3.3348067167584978,5.2652917615762007,0.72529826752192594,0.26823976282804002,0.45705850469388604]
["D3","AECB Gold","mid-terrace","Pre-1919","AECB Gold  + GSHP  + Solar Thermal",76727.459999999992,3.4056996570148494,null,0.51191794037399996,2.8937817166408495,0.80169338764410014,0.21604918186800001,0.5856442057761001,1.777667829756,0.129523337498025,5.5028934311999997E-2,7.4494403186024988E-2]
["D3","AECB Gold","mid-terrace","1919-1982","AECB Gold  + GSHP  + Solar Thermal",383637.30000000005,6.15312547007355,null,1.5688271927549999,4.584298277318549,1.4913181484837099,0.66210043420499998,0.82921771427871005,6.8556867875790006,0.28345763148624004,0.17609335707300006,0.10736427441323998]
["D3","AECB Gold","mid-terrace","Post-1982","AECB Gold  + GSHP  + Solar Thermal",102303.28,1.404178227396744,null,0.39360880070159998,1.0105694266951439,0.36331308588453598,0.16613285397399999,0.19718023191053599,1.7389578031531998,7.3545362512075996E-2,4.4486069791599997E-2,2.9059292720476002E-2]
["D3","AECB Gold","mid-terrace","ALL","AECB Gold  + GSHP  + Solar Thermal",562668.04,10.963003354485142,null,2.4743539338305998,8.4886494206545429,2.6563246220123462,1.0442824700469999,1.6120421519653463,10.372312420488202,0.486526331496341,0.27560836117660004,0.21091797031974099]
["D3","AECB Gold","flat(m)","Pre-1919","AECB Gold  + GSHP  + Solar Thermal",281334.02,4.4509060535593505,null,0.86453944346,3.5863666100993501,1.10198774767917,0.36463702332199999,0.73735072435716997,4.9087722477640012,0.21359575100099498,0.10046437854199999,0.11313137245899499]
["D3","AECB Gold","flat(m)","1919-1982","AECB Gold  + GSHP  + Solar Thermal",481081.17420000007,4.9046216962759566,null,1.31537214649764,3.5892495497783168,1.2683276558191443,0.55487902632228014,0.71344862949686416,7.4804081506236724,0.26616938485354802,0.15553354361886004,0.11063584123468802]
["D3","AECB Gold","flat(m)","Post-1982","AECB Gold  + GSHP  + Solar Thermal",179030.73999999996,1.4654232969838208,null,0.53323410755299994,0.93218918943082074,0.45304881714965589,0.22507923663539992,0.22796958051425598,2.6597075280509999,0.10569654424575399,6.2294641136699989E-2,4.3401903109053994E-2]
["D3","AECB Gold","flat(m)","ALL","AECB Gold  + GSHP  + Solar Thermal",941445.93420000002,10.820951046819131,null,2.7131456975106403,8.1078053493084887,2.8233642206479703,1.1445952862796802,1.6787689343682901,15.04888792643867,0.58546168010029698,0.31829256329756006,0.26716911680273697]
["D3","AECB Gold","ALL","ALL","AECB Gold  + GSHP  + Solar Thermal",2552722.5942000002,52.893643142895208,null,11.121194573633156,41.77244856926206,14.360910364777045,4.7101402095463287,9.650770155230715,44.570371136825379,2.5842768068826847,1.243789919989214,1.340486886893471]
["D4","AECB Gold + Ren","detached","Pre-1919","AECB Gold  + GSHP  + Solar Thermal + Solar PV",102303.28000000001,7.0922017406110003,null,0.95362002452000005,6.1385817160909992,1.9198415113122003,0.39235353945599999,1.5274879718562002,3.7204429231040006,0.31589938266851997,0.10041066932000001,0.21548871334852002]
["D4","AECB Gold + Ren","detached","1919-1982","AECB Gold  + GSHP  + Solar Thermal + Solar PV",204606.56,5.1371924537660005,null,1.2438135085679998,3.8933789451980001,1.2870353962679841,0.50527921454627212,0.78175618172171202,5.8002911122256,0.22835647105856,0.13460865067971201,9.374782037884799E-2]
["D4","AECB Gold + Ren","detached","Post-1982","AECB Gold  + GSHP  + Solar Thermal + Solar PV",230182.37999999998,5.1144525932212082,null,1.3389526740155038,3.7754999192057044,1.3154692259164049,0.54241032301653591,0.77305890289986889,6.0066471861927004,0.24273467403704102,0.14526499255587,9.7469681481171036E-2]
["D4","AECB Gold + Ren","detached","ALL","AECB Gold  + GSHP  + Solar Thermal + Solar PV",537092.22,17.343846787598206,null,3.5363862071035039,13.807460580494704,4.5223461334965895,1.4400430770188082,3.0823030564777811,15.527381221522301,0.78699052776412104,0.38028431255558198,0.406706215208539]
["D4","AECB Gold + Ren","semi-detached","Pre-1919","AECB Gold  + GSHP  + Solar Thermal + Solar PV",51151.64,2.9476999058781601,null,0.42022095292799994,2.52747895295016,0.68923503649445006,0.172539596884,0.51669543961045006,1.6078955365960002,0.10743190966923,4.4604230080000001E-2,6.2827679589230009E-2]
["D4","AECB Gold + Ren","semi-detached","1919-1982","AECB Gold  + GSHP  + Solar Thermal + Solar PV",358061.48000000004,9.3115083441281712,null,1.5217516223400402,7.7897567217881321,3.2917258208814282,0.62440533286726008,2.6673204880141683,2.0494676444247601,0.54292171153743596,0.17399657462193999,0.368925136915496]
["D4","AECB Gold + Ren","semi-detached","Post-1982","AECB Gold  + GSHP  + Solar Thermal + Solar PV",102303.27999999998,1.5066337039863997,null,0.364520213436896,1.1421134905495038,0.37791453124426,0.14386017158765599,0.23405435965660398,2.3076062882954398,7.4944646315259988E-2,4.1532231382011994E-2,3.3412414933248001E-2]
["D4","AECB Gold + Ren","semi-detached","ALL","AECB Gold  + GSHP  + Solar Thermal + Solar PV",511516.4,13.765841953992732,null,2.3064927887049365,11.459349165287797,4.3588753886201381,0.94080510133891615,3.4180702872812221,5.9649694693162001,0.72529826752192594,0.260133036083952,0.465165231437974]
["D4","AECB Gold + Ren","mid-terrace","Pre-1919","AECB Gold  + GSHP  + Solar Thermal + Solar PV",76727.459999999992,3.4056996570148494,null,0.51507143897999996,2.8906282180348501,0.80169338764409992,0.21015651293999998,0.59153687470409999,2.007850209756,0.129523337498025,5.5381880627999994E-2,7.4141456870025005E-2]
["D4","AECB Gold + Ren","mid-terrace","1919-1982","AECB Gold  + GSHP  + Solar Thermal + Solar PV",383637.30000000005,6.15312547007355,null,1.4784997904700001,4.6746256796035492,1.4913181484837099,0.58731801531600003,0.90400013316770989,8.0065986875790003,0.28345763148624004,0.16706253503100005,0.11639509645523999]
["D4","AECB Gold + Ren","mid-terrace","Post-1982","AECB Gold  + GSHP  + Solar Thermal + Solar PV",102303.28,1.404178227396744,null,0.35923745620359993,1.044940771193144,0.36331308588453598,0.14179899579320002,0.22151409009133596,2.0458676431531999,7.3545362512075996E-2,4.1035891673599993E-2,3.2509470838475996E-2]
["D4","AECB Gold + Ren","mid-terrace","ALL","AECB Gold  + GSHP  + Solar Thermal + Solar PV",562668.04,10.963003354485142,null,2.3528086856536001,8.6101946688315429,2.6563246220123458,0.93927352404919995,1.7170510979631459,12.060316540488198,0.486526331496341,0.26348030733260003,0.223046024163741]
["D4","AECB Gold + Ren","flat(m)","Pre-1919","AECB Gold  + GSHP  + Solar Thermal + Solar PV",281334.02,4.4509060535593505,null,0.75425650761999996,3.6966495459393505,1.10198774767917,0.29112444389600006,0.81086330378316995,5.7527743077639997,0.21359575100099498,8.9436084957999998E-2,0.12415966604299503]
["D4","AECB Gold + Ren","flat(m)","1919-1982","AECB Gold  + GSHP  + Solar Thermal + Solar PV",481081.17420000007,4.9046216962759566,null,1.1125483234549203,3.7920733728210365,1.2683276558191443,0.42373629823536002,0.84459135758378423,8.9236516732236737,0.26616938485354802,0.13537624241988,0.13079314243366802]
["D4","AECB Gold + Ren","flat(m)","Post-1982","AECB Gold  + GSHP  + Solar Thermal + Solar PV",179030.73999999996,1.4654232969838208,null,0.45658567683679996,1.0088376201470208,0.45304881714965589,0.17569808277489996,0.27735073437475594,3.1967997480509993,0.10569654424575399,5.4649133384999993E-2,5.1047410860753997E-2]
["D4","AECB Gold + Ren","flat(m)","ALL","AECB Gold  + GSHP  + Solar Thermal + Solar PV",941445.93420000002,10.820951046819131,null,2.3233905079117196,8.4975605389074094,2.8233642206479703,0.89055882490626004,1.9328053957417102,17.873225729038673,0.58546168010029698,0.27946146076287998,0.30600021933741706]
["D4","AECB Gold + Ren","ALL","ALL","AECB Gold  + GSHP  + Solar Thermal + Solar PV",2552722.5942000002,52.893643142895208,null,10.51907818937376,42.374564953521443,14.360910364777043,4.2106805273131851,10.150229837463858,51.425892960365374,2.5842768068826847,1.1833591167350139,1.4009176901476712]
["Original","Pre-retrofit","detached","Pre-1919","No retrofit",102303.28,7.0922017406110003,null,7.0922017406110003,0,1.9198415113122003,1.9198415113122003,0,0,0.31589938266851997,0.31589938266851997,0]
["Original","Pre-retrofit","detached","1919-1982","No retrofit",204606.56,5.1371924537660005,null,5.1371924537660005,0,1.2870353962679837,1.2870353962679837,0,0,0.22835647105856,0.22835647105856,0]
["Original","Pre-retrofit","detached","Post-1982","No retrofit",230182.38,5.1144525932212082,null,5.1144525932212082,0,1.3154692259164049,1.3154692259164049,0,0,0.24273467403704102,0.24273467403704102,0]
["Original","Pre-retrofit","detached","ALL","No retrofit",537092.22,17.343846787598206,null,17.343846787598206,0,4.5223461334965886,4.5223461334965886,0,0,0.78699052776412104,0.78699052776412104,0]
["Original","Pre-retrofit","semi-detached","Pre-1919","No retrofit",51151.640000000007,2.9476999058781601,null,2.9476999058781601,0,0.68923503649445006,0.68923503649445006,0,0,0.10743190966923,0.10743190966923,0]
["Original","Pre-retrofit","semi-detached","1919-1982","No retrofit",358061.48000000004,9.3115083441281712,null,9.3115083441281712,0,3.2917258208814282,3.2917258208814282,0,0,0.54292171153743596,0.54292171153743596,0]
["Original","Pre-retrofit","semi-detached","Post-1982","No retrofit",102303.27999999998,1.5066337039863997,null,1.5066337039863997,0,0.37791453124425994,0.37791453124425994,0,0,7.4944646315260002E-2,7.4944646315260002E-2,0]
["Original","Pre-retrofit","semi-detached","ALL","No retrofit",511516.4,13.765841953992732,null,13.765841953992732,0,4.3588753886201381,4.3588753886201381,0,0,0.72529826752192605,0.72529826752192605,0]
["Original","Pre-retrofit","mid-terrace","Pre-1919","No retrofit",76727.459999999992,3.4056996570148494,null,3.4056996570148494,0,0.80169338764410014,0.80169338764410014,0,0,0.129523337498025,0.129523337498025,0]
["Original","Pre-retrofit","mid-terrace","1919-1982","No retrofit",383637.3000000001,6.15312547007355,null,6.15312547007355,0,1.4913181484837101,1.4913181484837101,0,0,0.28345763148623998,0.28345763148623998,0]
["Original","Pre-retrofit","mid-terrace","Post-1982","No retrofit",102303.27999999998,1.404178227396744,null,1.404178227396744,0,0.36331308588453598,0.36331308588453598,0,0,7.3545362512075996E-2,7.3545362512075996E-2,0]
["Original","Pre-retrofit","mid-terrace","ALL","No retrofit",562668.04000000015,10.963003354485142,null,10.963003354485142,0,2.6563246220123466,2.6563246220123466,0,0,0.486526331496341,0.486526331496341,0]
["Original","Pre-retrofit","flat(m)","Pre-1919","No retrofit",281334.02,4.4509060535593497,null,4.4509060535593497,0,1.1019877476791702,1.1019877476791702,0,0,0.21359575100099501,0.21359575100099501,0]
["Original","Pre-retrofit","flat(m)","1919-1982","No retrofit",481081.17420000007,4.9046216962759566,null,4.9046216962759566,0,1.2683276558191441,1.2683276558191441,0,0,0.26616938485354802,0.26616938485354802,0]
["Original","Pre-retrofit","flat(m)","Post-1982","No retrofit",179030.74,1.4654232969838206,null,1.4654232969838206,0,0.45304881714965595,0.45304881714965595,0,0,0.10569654424575399,0.10569654424575399,0]
["Original","Pre-retrofit","flat(m)","ALL","No retrofit",941445.93420000002,10.820951046819127,null,10.820951046819127,0,2.8233642206479703,2.8233642206479703,0,0,0.58546168010029698,0.58546168010029698,0]
["Original","Pre-retrofit","ALL","ALL","No retrofit",2552722.5942000002,52.893643142895208,null,52.893643142895208,0,14.360910364777043,14.360910364777043,0,0,2.5842768068826847,2.5842768068826847,0]
["A1","Renewables","ALL","Pre-1919","No Fabric+ ASHP + Solar Thermal ",511516.4,17.89650735706336,null,5.9134185907660006,11.98308876629736,4.5127576831299194,2.4950849262479999,2.0176727568819199,2.4773957300427503,0.76645038083676997,0.61682036308150001,0.14963001775527002]
["A1","Renewables","ALL","1919-1982","No Fabric+ ASHP + Solar Thermal ",1427386.5142000001,25.50644796424368,null,8.4817401947241695,17.024707769519512,7.3384070214522668,3.5800541805831823,3.7583528408690845,6.0949404156339995,1.3209051989357841,0.91974956711120803,0.40115563182457609]
["A1","Renewables","ALL","Post-1982","No Fabric+ ASHP + Solar Thermal ",613819.67999999993,9.4906878215881729,null,3.5614527562604996,5.9292350653276733,2.5097456601948567,1.5026034662707999,1.007142193924057,2.6302173287999997,0.49692122711013104,0.38675384154609999,0.11016738556403102]
["A2","Renewables","ALL","Pre-1919","No Fabric + ASHP + Solar PV ",511516.4,17.89650735706336,null,5.9963910266145,11.900116330448862,4.5127576831299194,2.4814453414419999,2.03131234168792,4.5234613300427506,0.76645038083676997,0.62522010176499998,0.14123027907177002]
["A2","Renewables","ALL","1919-1982","No Fabric + ASHP + Solar PV ",1427386.5142000001,25.50644796424368,null,8.7087097862522445,16.797738177991434,7.3384070214522659,3.5383552587943199,3.8000517626579464,11.804486472434002,1.3209051989357841,0.9422220938398681,0.37868310509591596]
["A2","Renewables","ALL","Post-1982","No Fabric + ASHP + Solar PV ",613819.67999999993,9.4906878215881729,null,3.6638000266708994,5.8268877949172726,2.5097456601948567,1.4873261338310999,1.0224195263637568,5.0854960487999996,0.49692122711013104,0.39708302009039997,9.9838207019731007E-2]
["A3","Renewables","ALL","Pre-1919","No Fabric + ASHP + Solar Thermal + Solar PV",511516.4,17.89650735706336,null,5.5772078125829996,12.31929954448036,4.5127576831299194,2.3044926368169998,2.2082650463129201,5.2907359300427492,0.76645038083676997,0.58326488724150016,0.18318549359527]
["A3","Renewables","ALL","1919-1982","No Fabric + ASHP + Solar Thermal + Solar PV",1427386.5142000001,25.50644796424368,null,7.5923356833019682,17.914112280941708,7.3384070214522659,3.0691182135877533,4.2692888078645126,13.869578436448402,1.3209051989357841,0.83040835309991612,0.49049684583586806]
["A3","Renewables","ALL","Post-1982","No Fabric + ASHP + Solar Thermal + Solar PV",613819.67999999993,9.4906878215881729,null,3.1580499510480995,6.332637870540073,2.5097456601948567,1.2738942535027999,1.235851406692057,6.0062255687999988,0.49692122711013104,0.34648727053810002,0.15043395657203099]
["B","GOV","ALL","Pre-1919","Basic  Fabric + ASHP",511516.4,17.89650735706336,null,5.1658718995230002,12.730635457540361,4.5127576831299212,2.1797638384455005,2.3329938446844203,3.9643288274600001,0.76645038083676997,0.54212618077149999,0.22432420006527001]
["B","GOV","ALL","1919-1982","Basic  Fabric + ASHP",1427386.5142000001,25.50644796424368,null,10.244804865540505,15.261643098703171,7.3384070214522659,3.8265418491682319,3.5118651722840344,9.7018887755683068,1.3209051989357841,0.93973277114586617,0.38117242778991806]
["B","GOV","ALL","Post-1982","Basic  Fabric + ASHP",613819.67999999993,9.4906878215881729,null,4.0417776534631003,5.4489101681250736,2.5097456601948567,1.7053220192383998,0.80442364095645702,1.8542021923150001,0.49692122711013104,0.43480607579939995,6.2115151310731039E-2]
["C1","AECB Silver","ALL","Pre-1919","AECB Silver + Gas Boiler",511516.4,17.89650735706336,null,8.9663505149440024,8.9301568421193611,4.5127576831299194,2.1370285614119999,2.3757291217179199,7.2644331488639997,0.76645038083676997,0.40358643960000001,0.36286394123676996]
["C1","AECB Silver","ALL","1919-1982","AECB Silver + Gas Boiler",1427386.5142000001,25.50644796424368,null,16.705489993260706,8.8009579709829726,7.3384070214522659,4.1097659401693063,3.2286410812829596,12.324249992526813,1.3209051989357841,0.83460437072317395,0.48630082821261]
["C1","AECB Silver","ALL","Post-1982","AECB Silver + Gas Boiler",613819.67999999993,9.4906878215881729,null,6.4946362614955992,2.9960515600925732,2.5097456601948571,1.6960382267607803,0.81370743343407692,5.9796933410111004,0.49692122711013104,0.36417507286115991,0.13274615424897102]
["C2","AECB Silver","ALL","Pre-1919","AECB Silver + ASHP",511516.4,17.89650735706336,null,4.7356137160360001,13.160893641027361,4.5127576831299203,1.9984383079960002,2.5143193751339199,7.5849365371940003,0.76645038083676997,0.49913003037400006,0.26732035046276997]
["C2","AECB Silver","ALL","1919-1982","AECB Silver + ASHP",1427386.5142000001,25.50644796424368,null,9.2688721529365186,16.237575811307163,7.3384070214522668,3.9397576026513623,3.3986494188009044,13.115908579314814,1.3209051989357841,1.0049633936546301,0.31594180528115401]
["C2","AECB Silver","ALL","Post-1982","AECB Silver + ASHP",613819.67999999993,9.4906878215881729,null,3.9781390029854,5.5125488186027738,2.5097456601948567,1.6787202252191,0.83102543497575687,6.5907828022260988,0.49692122711013104,0.42848424461180001,6.8436982498331009E-2]
["C3","AECB Silver","ALL","Pre-1919","AECB Silver + GSHP",511516.4,17.89650735706336,null,4.0825965343039998,13.813910822759359,4.5127576831299203,1.722347331096,2.7904103520339203,8.8637275371940003,0.76645038083676997,0.43371219797799998,0.33273818285876999]
["C3","AECB Silver","ALL","1919-1982","AECB Silver + GSHP",1427386.5142000001,25.50644796424368,null,8.0495647250060323,17.456883239237644,7.3384070214522668,3.4206889238787266,3.9177180975735402,15.999582284314815,1.3209051989357841,0.88191360694481802,0.43899159199096593]
["C3","AECB Silver","ALL","Post-1982","AECB Silver + GSHP",613819.67999999993,9.4906878215881729,null,3.5270728438628001,5.9636149777253724,2.5097456601948567,1.4881856092621999,1.021560050932657,8.1253320022260986,0.49692122711013104,0.38335059505779995,0.11357063205233101]
["C4","AECB Silv. + Renewables","ALL","Pre-1919","AECB Silver + ASHP + Solar Thermal",511516.4,17.89650735706336,null,4.3146331612540001,13.581874195809361,4.5127576831299203,1.8214536335959999,2.6913040495339202,8.3522111371939989,0.76645038083676997,0.45720103106599996,0.30924934977076995]
["C4","AECB Silv. + Renewables","ALL","1919-1982","AECB Silver + ASHP + Solar Thermal",1427386.5142000001,25.50644796424368,null,8.1173957434374771,17.3890522208062,7.3384070214522668,3.4494364729292224,3.8889705485230444,14.846112802314815,1.3209051989357841,0.88877722863055209,0.43212797030523198]
["C4","AECB Silv. + Renewables","ALL","Post-1982","AECB Silver + ASHP + Solar Thermal",613819.67999999993,9.4906878215881729,null,3.4719460820392998,6.018741739548874,2.5097456601948567,1.4652782424418997,1.0444674177529569,7.5115123222260989,0.49692122711013104,0.3779094672319,0.11901175987823104]
["C5","AECB Silv. + Renewables","ALL","Pre-1919","AECB Silver  + ASHP + Solar PV",511516.4,17.89650735706336,null,4.4002456611219998,13.49626169594136,4.5127576831299203,1.8078421821920003,2.7049155009379202,10.398276737194001,0.76645038083676997,0.46557455453399998,0.3008758263027701]
["C5","AECB Silv. + Renewables","ALL","1919-1982","AECB Silver  + ASHP + Solar PV",1427386.5142000001,25.50644796424368,null,8.3412410234853365,17.165206940758338,7.3384070214522659,3.4079095510874424,3.9304974703648239,19.459990730314814,1.3209051989357841,0.91132683832311012,0.409578360612674]
["C5","AECB Silv. + Renewables","ALL","Post-1982","AECB Silver  + ASHP + Solar PV",613819.67999999993,9.4906878215881729,null,3.5743388774092999,5.916348944178873,2.5097456601948567,1.4500101172973998,1.0597355428974571,9.9667910422260988,0.49692122711013104,0.38821767360380005,0.10870355350633101]
["C6","AECB Silv. + Renewables","ALL","Pre-1919","AECB Silver  + ASHP + Solar Thermal + Solar PV",511516.4,17.89650735706336,null,3.9810170500100002,13.915490307053361,4.5127576831299194,1.6308626229559997,2.8818950601739202,11.165551337194,0.76645038083676997,0.42364555522600006,0.34280482561076997]
["C6","AECB Silv. + Renewables","ALL","1919-1982","AECB Silver  + ASHP + Solar Thermal + Solar PV",1427386.5142000001,25.50644796424368,null,7.1887942673754974,18.317653696868181,7.3384070214522668,2.9175886771235024,4.4208183443287643,21.190194953314816,1.3209051989357841,0.79514067329903193,0.52576452563675202]
["C6","AECB Silv. + Renewables","ALL","Post-1982","AECB Silver  + ASHP + Solar Thermal + Solar PV",613819.67999999993,9.4906878215881729,null,3.0706965051127,6.4199913164754729,2.5097456601948567,1.2365690296738998,1.2731766305209569,10.887520562226099,0.49692122711013104,0.33764289622389998,0.159278330886231]
["D1","AECB Gold","ALL","Pre-1919","AECB Gold  + Gas Boiler + Solar Thermal",511516.4,17.89650735706336,null,4.5254904516619989,13.37101690540136,4.5127576831299203,1.2740901642840001,3.2386675188459204,9.9551193888900009,0.76645038083676997,0.29198123386600006,0.47446914697077003]
["D1","AECB Gold","ALL","1919-1982","AECB Gold  + Gas Boiler + Solar Thermal",1427386.5142000001,25.50644796424368,null,9.6551339719726208,15.851313992271063,7.3384070214522659,2.7294411010412598,4.6089659204110065,17.612042846465034,1.3209051989357841,0.65589123892868006,0.665013960007104]
["D1","AECB Gold","ALL","Post-1982","AECB Gold  + Gas Boiler + Solar Thermal",613819.67999999993,9.4906878215881729,null,3.9982015649531446,5.4924862566350283,2.5097456601948571,1.2102834167293499,1.2994622434655072,9.7596724763373395,0.49692122711013104,0.30112556139716001,0.195795665712971]
["D2","AECB Gold","ALL","Pre-1919","AECB Gold  + ASHP  + Solar Thermal",511516.4,17.89650735706336,null,2.9776188070240002,14.918888550039362,4.5127576831299203,1.2567651038160002,3.2559925793139199,10.275622777220001,0.76645038083676997,0.32338834082600004,0.4430620400107701]
["D2","AECB Gold","ALL","1919-1982","AECB Gold  + ASHP  + Solar Thermal",1427386.5142000001,25.50644796424368,null,6.2948598997091603,19.211588064534517,7.3384070214522676,2.6760969482959402,4.662310073156327,18.403701433253033,1.3209051989357841,0.70551326586194019,0.6153919330738441]
["D2","AECB Gold","ALL","Post-1982","AECB Gold  + ASHP  + Solar Thermal",613819.67999999993,9.4906878215881729,null,2.9137166386425117,6.5769711829456625,2.5097456601948567,1.2294591691083698,1.2802864910864866,10.194033021352341,0.49692122711013104,0.32202894762926998,0.174892279480861]
["D3","AECB Gold","ALL","Pre-1919","AECB Gold  + GSHP  + Solar Thermal",511516.4,17.89650735706336,null,2.7069626918740002,15.189544665189363,4.5127576831299203,1.1421010300100001,3.3706566531199202,11.554413777220001,0.76645038083676997,0.29620635933000006,0.47024402150677003]
["D3","AECB Gold","ALL","1919-1982","AECB Gold  + GSHP  + Solar Thermal",1427386.5142000001,25.50644796424368,null,5.7225802875224199,19.783867676721258,7.3384070214522676,2.4317450269237209,4.9066619945285463,21.287375138253037,1.3209051989357841,0.64761518491070014,0.67329001402508404]
["D3","AECB Gold","ALL","Post-1982","AECB Gold  + GSHP  + Solar Thermal",613819.67999999993,9.4906878215881729,null,2.6916515942367361,6.7990362273514364,2.5097456601948571,1.136294152612608,1.3734515075822491,11.72858222135234,0.49692122711013104,0.29996837574851398,0.196952851361617]
["D4","AECB Gold + Ren","ALL","Pre-1919","AECB Gold  + GSHP  + Solar Thermal + Solar PV",511516.4,17.89650735706336,null,2.6431689240479996,15.253338433015362,4.5127576831299203,1.066174093176,3.4465835899539203,13.088962977220001,0.76645038083676997,0.28983286498600003,0.47661751585077]
["D4","AECB Gold + Ren","ALL","1919-1982","AECB Gold  + GSHP  + Solar Thermal + Solar PV",1427386.5142000001,25.50644796424368,null,5.3566132448329613,20.149834719410716,7.3384070214522668,2.1407388609648921,5.1976681604873747,24.780009117453034,1.3209051989357841,0.61104400275253201,0.70986119618325205]
["D4","AECB Gold + Ren","ALL","Post-1982","AECB Gold  + GSHP  + Solar Thermal + Solar PV",613819.67999999993,9.4906878215881729,null,2.5192960204927997,6.9713918010953719,2.5097456601948567,1.0037675731722919,1.505978087022565,13.556920865692337,0.49692122711013104,0.28248224899648189,0.21443897811364901]
["Original","Pre-retrofit","ALL","Pre-1919","No retrofit",511516.4,17.89650735706336,null,17.89650735706336,0,4.5127576831299203,4.5127576831299203,0,0,0.76645038083676997,0.76645038083676997,0]
["Original","Pre-retrofit","ALL","1919-1982","No retrofit",1427386.5142000001,25.50644796424368,null,25.50644796424368,0,7.3384070214522668,7.3384070214522668,0,0,1.3209051989357841,1.3209051989357841,0]
["Original","Pre-retrofit","ALL","Post-1982","No retrofit",613819.67999999993,9.4906878215881729,null,9.4906878215881729,0,2.5097456601948571,2.5097456601948571,0,0,0.49692122711013104,0.49692122711013104,0]

{"sheet":"%data","index":1,"n_rows":17,"n_cols":18,"rows_kept":17,"cut":false,"hidden":false,"merged":[]}
[null,null,"Percentage","Total Energy Demand before retrofit (MWh/a) ","Total Electric Energy  demand after retrofit mwh/a","Total Other Energy  demand after retrofit mwh/a","Total Renewable Energy Generation after retrofit mwh/a","Total Energy Demand  after retrofit (MWh/a) ","Total Demand reduction per 30 years (MWh)","Total CO2 Emissions per annum (TCo2/a)","Total Upgrade capital Cost (£)","Total Original running cost (£/a)","Total Running Cost after retrofit (£/a)","Total running cost savings (£/a)","Total Running cost savings per 30 years","Total Retrofit Cost savings per 30 years (£)","Total capital cost / carbon saving * 30) (£/TCO2)","Total capital COST / energy saving *30 (£/MWh)"]
["A1","Renewables",100,5289364314.2895241,1795661154.1750669,0,0,1795661154.1750669,104811094803.43364,757774257.31019819,1120255347447.675,258427680688.26846,192332377173.88083,66095303514.387718,1859254773562.2512,-862603757983.95593,5505.0746291064652,106.88327886934501]
["A2","Renewables",100,528936431.42895234,183689008.39537644,0,16745860.217952,183689008.39537644,10357422691.007269,75071267.340674207,214134438512.76749,25842768068.826847,19645252156.952682,6197515911.8741703,185925477356.22513,28208961156.542389,1041.4414871677561,20.674490643187479]
["A3","Renewables",100,5289364314.2895241,1632759344.6933069,0,165556006.69939199,1632759344.6933069,109698149087.88643,664750510.39075541,2516653993529.1147,258427680688.26846,176016051087.95157,82411629600.316895,2472348888009.5068,44305105519.608215,10875.672107692966,229.41626768131326]
["B","GOV",100,5289364314.2895241,1727265912.1822505,0,0,1945245441.8526604,100323566173.10582,771162770.68521321,1552041979534.3303,258427680688.26846,191666502771.67661,66761177916.591904,2002835337497.7573,-450793357963.42688,7780.4983353331463,154.70362934032082]
["C1","AECB Silver",100,5289364314.2895241,737646828.41322017,2490940891.9904089,0,3228587720.4036288,62485711375.546051,794283272.83420873,2556837648240.1914,258427680688.26846,160236588318.43338,98191092369.835083,2945732771095.0527,-388895122854.86169,13279.353481823542,409.1875713590448]
["C2","AECB Silver",100,5289364314.2895241,1804762538.3698978,0,0,1804762538.3698978,105200466836.55795,761691613.58664632,2729162791873.4912,258427680688.26846,193257766864.04297,65169913824.225494,1955097414726.7654,774065377146.7262,13489.349186045385,259.42496967371682]
["C3","AECB Silver",100,5289364314.2895241,1571552405.3289933,0,0,1571552405.3289933,112196770827.78508,663122186.4236927,3298864182373.4917,258427680688.26846,169897639998.06177,88530040690.206726,2655901220706.2012,642962961667.29041,14225.947061743313,294.02487772460393]
["C4","AECB Silv. + Renewables",100,5289364314.2895241,1596174408.8821757,0,0,1596174408.8821757,111458110721.18962,673616834.89671206,3070983626173.4912,258427680688.26846,172388772692.84521,86038907995.423294,2581167239862.6992,489816386310.79224,13425.519271365949,275.52805321234092]
["C5","AECB Silv. + Renewables",100,5289364314.2895241,1637515599.1191154,0,167458602.17951998,1637515599.1191156,110217875014.08144,666576185.05768406,3982505850973.4907,258427680688.26846,176511906646.09097,81915774042.177505,2457473221265.3252,1525032629708.1663,17251.154384802296,361.33030603835221]
["C6","AECB Silv. + Renewables",100,5289364314.2895241,1429260684.2022636,0,167458602.17951998,1429260684.2022636,116465522461.58698,578502032.97534013,4324326685273.4917,258427680688.26846,155642912474.89322,102784768213.37529,3083543046401.2598,1240783638872.2324,16808.077325358609,371.29672317399786]
["D1","AECB Gold",100,5289364314.2895241,732796371.59263813,1091956066.4337146,29361.041359999996,1824752438.0263522,104600769846.8643,521381468.20546091,3732683471169.2373,258427680688.26846,124899803419.18399,133527877269.0845,4005836318072.5356,-273152846903.2977,13602.435864678328,356.85047792993248]
["D2","AECB Gold",100,5289364314.2895241,1223024120.4153433,0,0,1223024120.4153435,122652619375.1946,516232122.12203109,3887335723182.5371,258427680688.26846,135093055431.72099,123334625256.5475,3700038757696.4248,187296965486.11203,14086.709974451069,316.93866327397149]
["D3","AECB Gold",100,5289364314.2895241,1116104950.1818256,0,0,1116104950.1818256,125860194482.20012,471014020.95463288,4457037113682.5381,258427680688.26846,124378991998.92139,134048688689.34711,4021460660680.4141,435576453002.12415,15394.409088573528,354.12603103142953]
["D4","AECB Gold + Ren",100,5289364314.2895241,1055737179.047532,0,167458602.17951998,1055737179.047532,127671227616.22894,421068052.73131847,5142589296036.5371,258427680688.26846,118335911673.5014,140091769014.76712,4202753070443.0132,939836225593.52417,16888.25237912533,402.79939278839026]
["Original","Pre-retrofit",-1210,-64001308202.903236,-13499382844.843554,-56914088608.882095,0,-70413471453.725632,0,-17376701541.380222,0,-3126974936328.0483,-3126974936328.0483,0,0,0,0,0]
[null,null,"Sum",52893643.142895125,47445676.601554543,-533311916.50457972,6847070.3449726403,-483686444.60632098,14239995013.126682,-90404549.458656535,425854121480.02393,2584276806.8826904,-10166714036.198912,12750990843.081602,381293681973.75439,43324396187.575752,1736.5389457726769,39.13184732739947]

{"sheet":"PTool","index":2,"n_rows":31,"n_cols":17,"rows_kept":31,"cut":false,"hidden":false,"merged":[]}
["Retrofit","Specs","Percentage","Total Electric Energy  demand after retrofit Twh/a","Total Energy Demand  after retrofit (TWh/a) ","Total Energy Demand  Reducton (TWh/a) ","Total CO2 Emissions per annum (MTCo2/a)","Total CO2 emissions reducton (MTCO2)","Total Upgrade capital Cost (Bil £)","Total Running Cost after retrofit (Bil £/a)","Total running cost savings (Bil £/a)"]
["A1","Renewables",0,null,17.956611541750668,34.937031601144547,7.5777425731019825,6.7831677916750612,11.202553474476749,1.9233237717388083,0.66095303514387715,null,null,null,null,null,"0"]
["A2","Renewables",0,null,18.368900839537641,34.524742303357563,7.5071267340674206,6.853783630709624,21.41344385127675,1.9645252156952682,0.61975159118741707]
["A3","Renewables",0,null,16.327593446933069,36.566049695962143,6.6475051039075543,7.7134052608694903,25.166539935291144,1.7601605108795157,0.82411629600316894,null,null,null,null,null,"10"]
["B","GOV",0,null,19.452454418526603,33.441188724368615,7.7116277068521315,6.6492826579249114,15.520419795343305,1.9166650277167661,0.66761177916591907,null,null,null,null,null,"40"]
["C1","AECB Silver",0,null,32.166476769700303,20.727166373194912,7.9428327283420872,6.4180776364349583,25.568376482401913,1.6023658831843337,0.98191092369835087]
["C2","AECB Silver",0,null,17.982624871957917,34.911018270937298,7.6169161358664628,6.743994228910581,27.291627918734914,1.9325776686404297,0.651699138242255]
["C3","AECB Silver",0,null,15.659234103172833,37.234409039722372,6.6312218642369265,7.7296885005401181,32.988641823734916,1.6989763999806178,0.88530040690206724]
["C4","AECB Silv. + Renewables",0,null,15.903974986730777,36.989668156164448,6.7361683489671211,7.6247420158099199,30.709836261734914,1.723887726928452,0.86038907995423297]
["C5","AECB Silv. + Renewables",0,null,16.315825562016634,36.57781758087858,6.6657618505768399,7.6951485142002021,39.825058509734909,1.7651190664609098,0.81915774042177503]
["C6","AECB Silv. + Renewables",0,null,14.240507822498197,38.65313532039702,5.7850203297534017,8.575890035023642,43.243266852734919,1.5564291247489321,1.027847682133753,null,null,null,null,null,"10"]
["D1","AECB Gold",0,null,18.178825988587764,34.714817154307447,5.2138146820546094,9.1470956827224317,37.326834711692378,1.2489980341918399,1.3352787726908451]
["D2","AECB Gold",0,null,12.186195345375674,40.707447797519542,5.1623212212203109,9.1985891435567346,38.873357231825374,1.3509305543172099,1.233346252565475]
["D3","AECB Gold",0,null,11.121194573633156,41.77244856926206,4.7101402095463287,9.650770155230715,44.570371136825379,1.243789919989214,1.340486886893471]
["D4","AECB Gold + Ren",0,null,10.51907818937376,42.374564953521443,4.2106805273131851,10.150229837463858,51.425892960365374,1.1833591167350139,1.4009176901476712,null,null,null,null,null,"30"]
["Original","Pre-retrofit",{"$f":"100-(SUM(C2:C15))","v":100},null,52.893643142895208,0,14.360910364777043,null,0,2.5842768068826847,0]
[null,null,"Sum",{"$f":"((D2*C2)+(D3*C3)+(D4*C4)+(D5*C5)+(D6*C6)+(D7*C7)+(D8*C8)+(D9*C9)+(D10*C10)+(D11*C11)+(D12*C12)+(D13*C13)+(D14*C14)+(D15*C15)+(D16*C16))/100","v":0},{"$f":"((E2*C2)+(E3*C3)+(E4*C4)+(E5*C5)+(E6*C6)+(E7*C7)+(E8*C8)+(E9*C9)+(E10*C10)+(E11*C11)+(E12*C12)+(E13*C13)+(E14*C14)+(E15*C15)+(E16*C16))/100","v":52.893643142895208},{"$f":"((F2*C2)+(F3*C3)+(F4*C4)+(F5*C5)+(F6*C6)+(F7*C7)+(F8*C8)+(F9*C9)+(F10*C10)+(F11*C11)+(F12*C12)+(F13*C13)+(F14*C14)+(F15*C15)+(F16*C16))/100","v":0},{"$f":"((G2*C2)+(G3*C3)+(G4*C4)+(G5*C5)+(G6*C6)+(G7*C7)+(G8*C8)+(G9*C9)+(G10*C10)+(G11*C11)+(G12*C12)+(G13*C13)+(G14*C14)+(G15*C15)+(G16*C16))/100","v":14.360910364777045},{"$f":"((H2*C2)+(H3*C3)+(H4*C4)+(H5*C5)+(H6*C6)+(H7*C7)+(H8*C8)+(H9*C9)+(H10*C10)+(H11*C11)+(H12*C12)+(H13*C13)+(H14*C14)+(H15*C15)+(H16*C16))/100","v":0},{"$f":"((I2*C2)+(I3*C3)+(I4*C4)+(I5*C5)+(I6*C6)+(I7*C7)+(I8*C8)+(I9*C9)+(I10*C10)+(I11*C11)+(I12*C12)+(I13*C13)+(I14*C14)+(I15*C15)+(I16*C16))/100","v":0},{"$f":"((J2*C2)+(J3*C3)+(J4*C4)+(J5*C5)+(J6*C6)+(J7*C7)+(J8*C8)+(J9*C9)+(J10*C10)+(J11*C11)+(J12*C12)+(J13*C13)+(J14*C14)+(J15*C15)+(J16*C16))/100","v":2.5842768068826847},{"$f":"((K2*C2)+(K3*C3)+(K4*C4)+(K5*C5)+(K6*C6)+(K7*C7)+(K8*C8)+(K9*C9)+(K10*C10)+(K11*C11)+(K12*C12)+(K13*C13)+(K14*C14)+(K15*C15)+(K16*C16))/100","v":0}]
[]
[]
[]
[]
["Combined","Combined","Sum",0,23.033802260914566,29.859840881980645,7.4256992547315948,6.9352111100454499,27.066011064886641,1.7358766935808534,0.84840011330183163]
[]
[]
[]
["R","P"]
[null,0]
[null,0]
[null,0]
[null,0]
[null,{"$f":"SUM(B27:B30)","v":0}]

{"sheet":"TTOOL","index":3,"n_rows":6,"n_cols":25,"rows_kept":6,"cut":false,"hidden":false,"merged":[]}
["Results 1"]
["Results 2"]
["Results 3"]
[null,null,null,null,null,null,null,null,null,null,null,null,null,null,null,null,null,null,null,null,null,"Rertofit level","Rerofit category","Building type","Age"]
[null,null,null,null,null,null,null,null,null,null,null,null,null,null,null,null,null,null,null,null,null,"C5",null,"ALL","Pre-1919"]
["Rertofit level","Rerofit category","Building type","Age","SPECS","Number of dwellings","Total Energy Demand before retrofit (TWh/a) ","Total Electric Energy  demand after retrofit Twh/a","Total Energy Demand  after retrofit (TWh/a) ","Total Energy Demand  Reducton (TWh/a) ","Total CO2 emissions Before retrofit (MTCO2)","Total CO2 Emissions per annum (MTCo2/a)","Total CO2 emissions reducton (MTCO2)","Total Upgrade capital Cost (Bil £)","Total Original running cost (Bil £/a)","Total Running Cost after retrofit (Bil £/a)","Total running cost savings (Bil £/a)"]

{"sheet":"Lists","index":4,"n_rows":17,"n_cols":7,"rows_kept":17,"cut":false,"hidden":false,"merged":[]}
["Rertofit level","Building type","Age","%","%table"]
["A1","detached","Pre-1919",10,0,{"$f":"E2","v":0},"None"]
["A2","semi-detached","1919-1982",20,{"$f":"IF(PTool!C16<10, \"\", 10)","v":10},{"$f":"E3","v":10},"A1"]
["A3","mid-terrace","Post-1982",30,{"$f":"IF(PTool!C16<20, \"\", 20)","v":20},20,"A2"]
["B","flat(m)","ALL",40,{"$f":"IF(PTool!C16<30, \"\", 30)","v":30},30,"A3"]
["C1","ALL",null,50,{"$f":"IF(PTool!C16<40, \"\", 40)","v":40},40,"B"]
["C2",null,null,60,{"$f":"IF(PTool!C16<50, \"\", 50)","v":50},50,"C1"]
["C3",null,null,70,{"$f":"IF(PTool!C16<60, \"\", 60)","v":60},60,"C2"]
["C4",null,null,80,{"$f":"IF(PTool!C16<70, \"\", 70)","v":70},70,"C3"]
["C5",null,null,90,{"$f":"IF(PTool!C16<80, \"\", 80)","v":80},80,"C4"]
["C6",null,0,100,{"$f":"IF(PTool!C16<90, \"\", 90)","v":90},90,"C5"]
["D1",null,null,null,{"$f":"IF(PTool!C16<100, \"\", 100)","v":100},null,"C6"]
["D2",null,null,null,null,null,"D1"]
["D3",null,null,null,null,null,"D2"]
["D4",null,null,null,null,null,"D3"]
["Original",null,null,null,null,null,"D4"]
["None"]

{"sheet":"Repgen","index":5,"n_rows":30,"n_cols":17,"rows_kept":30,"cut":false,"hidden":false,"merged":[]}
["Rertofit level","Rerofit category","Building type","Age","SPECS","Number of dwellings","Total Energy Demand before retrofit (TWh/a) ","Total Electric Energy  demand after retrofit Twh/a","Total Energy Demand  after retrofit (TWh/a) ","Total Energy Demand  Reducton (TWh/a) ","Total CO2 emissions Before retrofit (MTCO2)","Total CO2 Emissions per annum (MTCo2/a)","Total CO2 emissions reducton (MTCO2)","Total Upgrade capital Cost (Bil £)","Total Original running cost (Bil £/a)","Total Running Cost after retrofit (Bil £/a)","Total running cost savings (Bil £/a)"]
[{"$f":"TTOOL!A7","v":0},{"$f":"TTOOL!B7","v":0},{"$f":"TTOOL!C7","v":0},{"$f":"TTOOL!D7","v":0},{"$f":"TTOOL!E7","v":0},{"$f":"TTOOL!F7","v":0},{"$f":"TTOOL!G7","v":0},{"$f":"TTOOL!H7","v":0},{"$f":"TTOOL!I7","v":0},{"$f":"TTOOL!J7","v":0},{"$f":"TTOOL!K7","v":0},{"$f":"TTOOL!L7","v":0},{"$f":"TTOOL!M7","v":0},{"$f":"TTOOL!N7","v":0},{"$f":"TTOOL!O7","v":0},{"$f":"TTOOL!P7","v":0},{"$f":"TTOOL!Q7","v":0}]
[]
[]
[]
[]
[]
[]
[]
[]
[]
[]
[]
[]
[]
[]
[]
[]
[]
[]
[]
[]
[]
[]
[]
[]
["A3"]
["B"]
["C6"]
["D4"]

{"sheet":"Repgen2","index":6,"n_rows":2,"n_cols":11,"rows_kept":2,"cut":false,"hidden":false,"merged":[]}
["Retrofit","Specs","Percentage","Total Electric Energy  demand after retrofit Twh/a","Total Energy Demand  after retrofit (TWh/a) ","Total Energy Demand  Reducton (TWh/a) ","Total CO2 Emissions per annum (MTCo2/a)","Total CO2 emissions reducton (MTCO2)","Total Upgrade capital Cost (Bil £)","Total Running Cost after retrofit (Bil £/a)","Total running cost savings (Bil £/a)"]
[{"$f":"PTool!A22","v":"Combined"},{"$f":"PTool!B22","v":"Combined"},{"$f":"PTool!C22","v":"Sum"},{"$f":"PTool!D22","v":0},{"$f":"PTool!E22","v":23.033802260914566},{"$f":"PTool!F22","v":29.859840881980645},{"$f":"PTool!G22","v":7.4256992547315948},{"$f":"PTool!H22","v":6.9352111100454499},{"$f":"PTool!I22","v":27.066011064886641},{"$f":"PTool!J22","v":1.7358766935808534},{"$f":"PTool!K22","v":0.84840011330183163}]